{"id":10832,"date":"2024-03-04T18:22:58","date_gmt":"2024-03-04T15:22:58","guid":{"rendered":"https:\/\/vsmc.lt\/?page_id=10832"},"modified":"2026-04-23T15:36:18","modified_gmt":"2026-04-23T12:36:18","slug":"pagalbos-mokiniui-specialistai","status":"publish","type":"page","link":"https:\/\/vsmc.lt\/?page_id=10832","title":{"rendered":"Mokinio pad\u0117j\u0117jai"},"content":{"rendered":"<table class=\"table\" width=\"992\">\n<tbody>\n<tr>\n<td width=\"264\">Pareigos (pareigyb\u0117s dalis)<\/p>\n<p>Pagrindin\u0117s funkcijos<\/td>\n<td width=\"115\">Darbuotojo vardas, pavard\u0117<\/td>\n<td width=\"91\">Darbuotojo pareigyb\u0117s dalis.<\/td>\n<td width=\"189\">Kontaktin\u0117 informacija<\/td>\n<td width=\"62\">Darbo vieta<\/td>\n<td width=\"270\">Darbo laikas<\/td>\n<\/tr>\n<tr>\n<td rowspan=\"4\" width=\"264\">Mokinio pad\u0117j\u0117jas<\/p>\n<p>Padeda mokiniui:<\/p>\n<p>&#8211; orientuotis ir jud\u0117ti aplinkoje, susijusioje su (ugdymu(si): pamok\u0173, pertrauk\u0173, neformaliojo \u0161vietimo veiklos, rengini\u0173 ir i\u0161vyk\u0173 metu;<\/p>\n<p>&#8211; pagal galimybes \u012fsitraukti \u012f ugdom\u0105j\u0105 veikl\u0105, paai\u0161kinti mokytojo skirtas u\u017eduotis, talkinti jas atliekant;<\/p>\n<p>&#8211; steb\u0117ti, kad b\u016bt\u0173 tinkamai naudojamasi ugdymui skirtomis\u00a0 mokymo priemon\u0117mis.<\/p>\n<p>Bendradarbiauja su mokytojais, kitais su mokiniu dirban\u010diais pagalbos specialistais, taiko j\u0173 numatytus pagalbos mokiniui teikimo metodus.<\/p>\n<p><a href=\"https:\/\/vsmc.lt\/wp-content\/uploads\/2024\/03\/04\/VSMC-mokinio-padejejo-pareigybes-apr.pdf\">VSMC mokinio pad\u0117j\u0117jas<\/a><\/td>\n<td width=\"115\">Galina<\/p>\n<p>\u010cerny\u0161iova<\/td>\n<td width=\"91\">0,3<\/td>\n<td width=\"189\">gacerny7218@emokykla.lt<\/td>\n<td width=\"62\">32<\/td>\n<td width=\"270\">Pirmadieniais:<\/p>\n<p>15:00-16:30<\/p>\n<p>18:30-21:00<\/p>\n<p>Antradieniais:<\/p>\n<p>15:00-17:00<\/p>\n<p>Tre\u010diadieniais:<\/p>\n<p>15:00-117:00<\/p>\n<p>Ketvirtadieniais:<\/p>\n<p>14:00-15:00<\/p>\n<p>20:00-21:00<\/p>\n<p>Penktadieniais:<\/p>\n<p>I sav. 11:30-13:30<\/p>\n<p>II-III sav. 13:10-15:10<\/p>\n<p>IV sav. 9:30-11:30<\/td>\n<\/tr>\n<tr>\n<td width=\"115\">An\u017eela<\/p>\n<p>Jablonskait\u0117<\/td>\n<td width=\"91\">0,3<\/td>\n<td width=\"189\">anjablo7230@emokykla.lt<\/td>\n<td width=\"62\">35<\/td>\n<td width=\"270\">Pirmadieniais:<\/p>\n<p>11:00-12:20<\/p>\n<p>Antradieniais<\/p>\n<p>9:00-13:25<\/p>\n<p>Tre\u010diadieniais:<\/p>\n<p>12:00-15:05<\/p>\n<p>Ketvirtadieniais:<\/p>\n<p>10:40-13:50<\/td>\n<\/tr>\n<tr>\n<td width=\"115\">Jovita<\/p>\n<p>Kavoli\u016bnien\u0117<\/td>\n<td width=\"91\">0,1<\/td>\n<td width=\"189\">jokavol4067@emokykla.lt<\/td>\n<td width=\"62\">44<\/td>\n<td width=\"270\">Tre\u010diadieniais:<\/p>\n<p>18:20-19:20<\/p>\n<p>Ketvirtadieniais:<\/p>\n<p>15:00-18:00<\/td>\n<\/tr>\n<tr>\n<td width=\"115\">Marija<\/p>\n<p>Sta\u0161kevi\u010d<\/td>\n<td width=\"91\">0,4<\/td>\n<td width=\"189\">mastask3734@emokykla.lt<\/td>\n<td width=\"62\">31<\/td>\n<td width=\"270\">Pirmadieniais:<\/p>\n<p>15:00-16:30<\/p>\n<p>17:40-19:45<\/p>\n<p>Antradieniais:<\/p>\n<p>16:30-19:30<\/p>\n<p>Tre\u010diadieniais:<\/p>\n<p>15:00-20:00<\/p>\n<p>Ketvirtadieniais<\/p>\n<p>15:00-19:30<\/td>\n<\/tr>\n<\/tbody>\n<\/table>\n<p>&nbsp;<\/p>\n","protected":false},"excerpt":{"rendered":"<p>Pareigos (pareigyb\u0117s dalis) Pagrindin\u0117s funkcijos Darbuotojo vardas, pavard\u0117 Darbuotojo pareigyb\u0117s dalis. Kontaktin\u0117 informacija Darbo vieta Darbo laikas Mokinio pad\u0117j\u0117jas Padeda mokiniui: &#8211; orientuotis ir jud\u0117ti aplinkoje, susijusioje su (ugdymu(si): pamok\u0173, pertrauk\u0173, neformaliojo \u0161vietimo veiklos, rengini\u0173 ir i\u0161vyk\u0173 metu; &#8211; pagal galimybes \u012fsitraukti \u012f ugdom\u0105j\u0105 veikl\u0105, paai\u0161kinti mokytojo skirtas u\u017eduotis, talkinti jas atliekant; &#8211; steb\u0117ti, kad [&hellip;]<\/p>\n","protected":false},"author":1,"featured_media":0,"parent":10830,"menu_order":0,"comment_status":"closed","ping_status":"closed","template":"","meta":{"footnotes":""},"class_list":["post-10832","page","type-page","status-publish","hentry"],"yoast_head":"<!-- This site is optimized with the Yoast SEO plugin v27.5 - https:\/\/yoast.com\/product\/yoast-seo-wordpress\/ -->\n<title>Mokinio pad\u0117j\u0117jai - Vilniaus suaugusi\u0173j\u0173 mokymo centras<\/title>\n<meta name=\"robots\" content=\"index, follow, max-snippet:-1, max-image-preview:large, max-video-preview:-1\" \/>\n<link rel=\"canonical\" href=\"https:\/\/vsmc.lt\/?page_id=10832\" \/>\n<meta property=\"og:locale\" content=\"lt_LT\" \/>\n<meta property=\"og:type\" content=\"article\" \/>\n<meta property=\"og:title\" content=\"Mokinio pad\u0117j\u0117jai - Vilniaus suaugusi\u0173j\u0173 mokymo centras\" \/>\n<meta property=\"og:description\" content=\"Pareigos (pareigyb\u0117s dalis) Pagrindin\u0117s funkcijos Darbuotojo vardas, pavard\u0117 Darbuotojo pareigyb\u0117s dalis. Kontaktin\u0117 informacija Darbo vieta Darbo laikas Mokinio pad\u0117j\u0117jas Padeda mokiniui: &#8211; orientuotis ir jud\u0117ti aplinkoje, susijusioje su (ugdymu(si): pamok\u0173, pertrauk\u0173, neformaliojo \u0161vietimo veiklos, rengini\u0173 ir i\u0161vyk\u0173 metu; &#8211; pagal galimybes \u012fsitraukti \u012f ugdom\u0105j\u0105 veikl\u0105, paai\u0161kinti mokytojo skirtas u\u017eduotis, talkinti jas atliekant; &#8211; steb\u0117ti, kad [&hellip;]\" \/>\n<meta property=\"og:url\" content=\"https:\/\/vsmc.lt\/?page_id=10832\" \/>\n<meta property=\"og:site_name\" content=\"Vilniaus suaugusi\u0173j\u0173 mokymo centras\" \/>\n<meta property=\"article:publisher\" content=\"https:\/\/www.facebook.com\/p\/Vilniaus-suaugusij-mokymo-centras-VSMC-gimnazija-100034428106674\/\" \/>\n<meta property=\"article:modified_time\" content=\"2026-04-23T12:36:18+00:00\" \/>\n<meta property=\"og:image\" content=\"https:\/\/vsmc.lt\/wp-content\/uploads\/2018\/05\/03\/VSMC_PASTATAS_1-1.jpg\" \/>\n\t<meta property=\"og:image:width\" content=\"1500\" \/>\n\t<meta property=\"og:image:height\" content=\"925\" \/>\n\t<meta property=\"og:image:type\" content=\"image\/jpeg\" \/>\n<meta name=\"twitter:card\" content=\"summary_large_image\" \/>\n<meta name=\"twitter:label1\" content=\"Est. reading time\" \/>\n\t<meta name=\"twitter:data1\" content=\"1 minut\u0117\" \/>\n<script type=\"application\/ld+json\" class=\"yoast-schema-graph\">{\"@context\":\"https:\\\/\\\/schema.org\",\"@graph\":[{\"@type\":\"WebPage\",\"@id\":\"https:\\\/\\\/vsmc.lt\\\/?page_id=10832\",\"url\":\"https:\\\/\\\/vsmc.lt\\\/?page_id=10832\",\"name\":\"Mokinio pad\u0117j\u0117jai - Vilniaus suaugusi\u0173j\u0173 mokymo centras\",\"isPartOf\":{\"@id\":\"https:\\\/\\\/vsmc.lt\\\/#website\"},\"datePublished\":\"2024-03-04T15:22:58+00:00\",\"dateModified\":\"2026-04-23T12:36:18+00:00\",\"breadcrumb\":{\"@id\":\"https:\\\/\\\/vsmc.lt\\\/?page_id=10832#breadcrumb\"},\"inLanguage\":\"lt-LT\",\"potentialAction\":[{\"@type\":\"ReadAction\",\"target\":[\"https:\\\/\\\/vsmc.lt\\\/?page_id=10832\"]}]},{\"@type\":\"BreadcrumbList\",\"@id\":\"https:\\\/\\\/vsmc.lt\\\/?page_id=10832#breadcrumb\",\"itemListElement\":[{\"@type\":\"ListItem\",\"position\":1,\"name\":\"Home\",\"item\":\"https:\\\/\\\/vsmc.lt\\\/\"},{\"@type\":\"ListItem\",\"position\":2,\"name\":\"\u012etraukusis ugdymas\",\"item\":\"https:\\\/\\\/vsmc.lt\\\/?page_id=10830\"},{\"@type\":\"ListItem\",\"position\":3,\"name\":\"Mokinio pad\u0117j\u0117jai\"}]},{\"@type\":\"WebSite\",\"@id\":\"https:\\\/\\\/vsmc.lt\\\/#website\",\"url\":\"https:\\\/\\\/vsmc.lt\\\/\",\"name\":\"Vilniaus suaugusi\u0173j\u0173 mokymo centras\",\"description\":\"VSMC\",\"publisher\":{\"@id\":\"https:\\\/\\\/vsmc.lt\\\/#organization\"},\"alternateName\":\"VSMC\",\"potentialAction\":[{\"@type\":\"SearchAction\",\"target\":{\"@type\":\"EntryPoint\",\"urlTemplate\":\"https:\\\/\\\/vsmc.lt\\\/?s={search_term_string}\"},\"query-input\":{\"@type\":\"PropertyValueSpecification\",\"valueRequired\":true,\"valueName\":\"search_term_string\"}}],\"inLanguage\":\"lt-LT\"},{\"@type\":\"Organization\",\"@id\":\"https:\\\/\\\/vsmc.lt\\\/#organization\",\"name\":\"Vilniaus suaugusi\u0173j\u0173 mokymo centras\",\"alternateName\":\"VSMC\",\"url\":\"https:\\\/\\\/vsmc.lt\\\/\",\"logo\":{\"@type\":\"ImageObject\",\"inLanguage\":\"lt-LT\",\"@id\":\"https:\\\/\\\/vsmc.lt\\\/#\\\/schema\\\/logo\\\/image\\\/\",\"url\":\"https:\\\/\\\/vsmc.lt\\\/wp-content\\\/uploads\\\/2016\\\/11\\\/15\\\/logo.png\",\"contentUrl\":\"https:\\\/\\\/vsmc.lt\\\/wp-content\\\/uploads\\\/2016\\\/11\\\/15\\\/logo.png\",\"width\":96,\"height\":121,\"caption\":\"Vilniaus suaugusi\u0173j\u0173 mokymo centras\"},\"image\":{\"@id\":\"https:\\\/\\\/vsmc.lt\\\/#\\\/schema\\\/logo\\\/image\\\/\"},\"sameAs\":[\"https:\\\/\\\/www.facebook.com\\\/p\\\/Vilniaus-suaugusij-mokymo-centras-VSMC-gimnazija-100034428106674\\\/\"]}]}<\/script>\n<!-- \/ Yoast SEO plugin. -->","yoast_head_json":{"title":"Mokinio pad\u0117j\u0117jai - Vilniaus suaugusi\u0173j\u0173 mokymo centras","robots":{"index":"index","follow":"follow","max-snippet":"max-snippet:-1","max-image-preview":"max-image-preview:large","max-video-preview":"max-video-preview:-1"},"canonical":"https:\/\/vsmc.lt\/?page_id=10832","og_locale":"lt_LT","og_type":"article","og_title":"Mokinio pad\u0117j\u0117jai - Vilniaus suaugusi\u0173j\u0173 mokymo centras","og_description":"Pareigos (pareigyb\u0117s dalis) Pagrindin\u0117s funkcijos Darbuotojo vardas, pavard\u0117 Darbuotojo pareigyb\u0117s dalis. Kontaktin\u0117 informacija Darbo vieta Darbo laikas Mokinio pad\u0117j\u0117jas Padeda mokiniui: &#8211; orientuotis ir jud\u0117ti aplinkoje, susijusioje su (ugdymu(si): pamok\u0173, pertrauk\u0173, neformaliojo \u0161vietimo veiklos, rengini\u0173 ir i\u0161vyk\u0173 metu; &#8211; pagal galimybes \u012fsitraukti \u012f ugdom\u0105j\u0105 veikl\u0105, paai\u0161kinti mokytojo skirtas u\u017eduotis, talkinti jas atliekant; &#8211; steb\u0117ti, kad [&hellip;]","og_url":"https:\/\/vsmc.lt\/?page_id=10832","og_site_name":"Vilniaus suaugusi\u0173j\u0173 mokymo centras","article_publisher":"https:\/\/www.facebook.com\/p\/Vilniaus-suaugusij-mokymo-centras-VSMC-gimnazija-100034428106674\/","article_modified_time":"2026-04-23T12:36:18+00:00","og_image":[{"width":1500,"height":925,"url":"https:\/\/vsmc.lt\/wp-content\/uploads\/2018\/05\/03\/VSMC_PASTATAS_1-1.jpg","type":"image\/jpeg"}],"twitter_card":"summary_large_image","twitter_misc":{"Est. reading time":"1 minut\u0117"},"schema":{"@context":"https:\/\/schema.org","@graph":[{"@type":"WebPage","@id":"https:\/\/vsmc.lt\/?page_id=10832","url":"https:\/\/vsmc.lt\/?page_id=10832","name":"Mokinio pad\u0117j\u0117jai - Vilniaus suaugusi\u0173j\u0173 mokymo centras","isPartOf":{"@id":"https:\/\/vsmc.lt\/#website"},"datePublished":"2024-03-04T15:22:58+00:00","dateModified":"2026-04-23T12:36:18+00:00","breadcrumb":{"@id":"https:\/\/vsmc.lt\/?page_id=10832#breadcrumb"},"inLanguage":"lt-LT","potentialAction":[{"@type":"ReadAction","target":["https:\/\/vsmc.lt\/?page_id=10832"]}]},{"@type":"BreadcrumbList","@id":"https:\/\/vsmc.lt\/?page_id=10832#breadcrumb","itemListElement":[{"@type":"ListItem","position":1,"name":"Home","item":"https:\/\/vsmc.lt\/"},{"@type":"ListItem","position":2,"name":"\u012etraukusis ugdymas","item":"https:\/\/vsmc.lt\/?page_id=10830"},{"@type":"ListItem","position":3,"name":"Mokinio pad\u0117j\u0117jai"}]},{"@type":"WebSite","@id":"https:\/\/vsmc.lt\/#website","url":"https:\/\/vsmc.lt\/","name":"Vilniaus suaugusi\u0173j\u0173 mokymo centras","description":"VSMC","publisher":{"@id":"https:\/\/vsmc.lt\/#organization"},"alternateName":"VSMC","potentialAction":[{"@type":"SearchAction","target":{"@type":"EntryPoint","urlTemplate":"https:\/\/vsmc.lt\/?s={search_term_string}"},"query-input":{"@type":"PropertyValueSpecification","valueRequired":true,"valueName":"search_term_string"}}],"inLanguage":"lt-LT"},{"@type":"Organization","@id":"https:\/\/vsmc.lt\/#organization","name":"Vilniaus suaugusi\u0173j\u0173 mokymo centras","alternateName":"VSMC","url":"https:\/\/vsmc.lt\/","logo":{"@type":"ImageObject","inLanguage":"lt-LT","@id":"https:\/\/vsmc.lt\/#\/schema\/logo\/image\/","url":"https:\/\/vsmc.lt\/wp-content\/uploads\/2016\/11\/15\/logo.png","contentUrl":"https:\/\/vsmc.lt\/wp-content\/uploads\/2016\/11\/15\/logo.png","width":96,"height":121,"caption":"Vilniaus suaugusi\u0173j\u0173 mokymo centras"},"image":{"@id":"https:\/\/vsmc.lt\/#\/schema\/logo\/image\/"},"sameAs":["https:\/\/www.facebook.com\/p\/Vilniaus-suaugusij-mokymo-centras-VSMC-gimnazija-100034428106674\/"]}]}},"_links":{"self":[{"href":"https:\/\/vsmc.lt\/index.php?rest_route=\/wp\/v2\/pages\/10832","targetHints":{"allow":["GET"]}}],"collection":[{"href":"https:\/\/vsmc.lt\/index.php?rest_route=\/wp\/v2\/pages"}],"about":[{"href":"https:\/\/vsmc.lt\/index.php?rest_route=\/wp\/v2\/types\/page"}],"author":[{"embeddable":true,"href":"https:\/\/vsmc.lt\/index.php?rest_route=\/wp\/v2\/users\/1"}],"replies":[{"embeddable":true,"href":"https:\/\/vsmc.lt\/index.php?rest_route=%2Fwp%2Fv2%2Fcomments&post=10832"}],"version-history":[{"count":28,"href":"https:\/\/vsmc.lt\/index.php?rest_route=\/wp\/v2\/pages\/10832\/revisions"}],"predecessor-version":[{"id":12397,"href":"https:\/\/vsmc.lt\/index.php?rest_route=\/wp\/v2\/pages\/10832\/revisions\/12397"}],"up":[{"embeddable":true,"href":"https:\/\/vsmc.lt\/index.php?rest_route=\/wp\/v2\/pages\/10830"}],"wp:attachment":[{"href":"https:\/\/vsmc.lt\/index.php?rest_route=%2Fwp%2Fv2%2Fmedia&parent=10832"}],"curies":[{"name":"wp","href":"https:\/\/api.w.org\/{rel}","templated":true}]}}