{"id":3259,"date":"2017-11-02T14:11:56","date_gmt":"2017-11-02T11:11:56","guid":{"rendered":"http:\/\/vsmc.lt\/?page_id=3259"},"modified":"2024-03-28T12:41:01","modified_gmt":"2024-03-28T09:41:01","slug":"erasmus-ka2-2016-2018-m-m","status":"publish","type":"page","link":"https:\/\/vsmc.lt\/?page_id=3259","title":{"rendered":"ERASMUS+ KA2 2016-2018 m. m."},"content":{"rendered":"<p style=\"text-align: center;\">\n<p><img loading=\"lazy\" decoding=\"async\" class=\"alignnone size-full wp-image-3267\" src=\"https:\/\/vsmc.lt\/wp-content\/uploads\/2017\/11\/02\/LogoEPLUS.png\" alt=\"\" width=\"1720\" height=\"375\" srcset=\"https:\/\/vsmc.lt\/wp-content\/uploads\/2017\/11\/02\/LogoEPLUS.png 1720w, https:\/\/vsmc.lt\/wp-content\/uploads\/2017\/11\/02\/LogoEPLUS-640x140.png 640w, https:\/\/vsmc.lt\/wp-content\/uploads\/2017\/11\/02\/LogoEPLUS-768x167.png 768w, https:\/\/vsmc.lt\/wp-content\/uploads\/2017\/11\/02\/LogoEPLUS-1280x279.png 1280w, https:\/\/vsmc.lt\/wp-content\/uploads\/2017\/11\/02\/LogoEPLUS-950x207.png 950w, https:\/\/vsmc.lt\/wp-content\/uploads\/2017\/11\/02\/LogoEPLUS-450x98.png 450w\" sizes=\"auto, (max-width: 1720px) 100vw, 1720px\" \/><\/p>\n<p>Nuo 2016 met\u0173 rugs\u0117jo m\u0117nesio Vilniaus suaugusi\u0173j\u0173 mokymo centras (VSMC) vykdo Erasmus+ finansuojam\u0105 strategin\u0117s partneryst\u0117s projekt\u0105 \u201eMokymo priemoni\u0173 ir informacini\u0173 \u012franki\u0173 paketas, skirtas pab\u0117g\u0117liams ir imigrantams\u201c (\u201eInformation and Education Materials for refugees and immigrants\u201c) 2016-1-ES01-KA204-025077.<\/p>\n<p>\u2022 Projekto tikslai<\/p>\n<ul>\n<li>I\u0161siai\u0161kinti, kokius i\u0161\u0161\u016bkius patiria pab\u0117g\u0117liai\/imigrantai juos priiman\u010diose \u0161alyse.<\/li>\n<li>Prisid\u0117ti prie pab\u0117g\u0117li\u0173 ir imigrant\u0173 veiksmingos integracijos \u012f socialin\u012f, kult\u016brin\u012f gyvenim\u0105 ir darbo rink\u0105.<\/li>\n<li>Parengti praktin\u0119 informacij\u0105 ir mokom\u0105j\u0105 med\u017eiag\u0105 (\u012fvairiomis audiovizualin\u0117mis priemon\u0117mis ir skaitmeniniu formatu) kartu su savo \u0161alies mokiniais (Latvijos, Lietuvos, Italijos ir Ispanijos).<\/li>\n<li>Bendradarbiauti su projekto partneriais bei ir dalintis ger\u0105ja patirtimi mokant kitatau\u010dius mokinius.<\/li>\n<\/ul>\n<p>\u2022 Numatomi rezultatai<\/p>\n<ul>\n<li>Bendradarbiaujant su nevyriausybin\u0117ms organizacijoms (NVO) ir projekto partneriais bus sukurta naudinga ir vertinga med\u017eiaga, pad\u0117sianti pab\u0117g\u0117liams\/imigrantams integruotis.<\/li>\n<li>Ger\u0117s mokytoj\u0173 profesiniai \u012fg\u016bd\u017eiai, kurie stiprins mokini\u0173 motyvacij\u0105 ir bendr\u0105sias kompetencijas: komunikacijos u\u017esienio kalbomis, socialin\u0119, IKT ir kt.<\/li>\n<li>Kurdami mokom\u0105j\u0105 med\u017eiag\u0105 Lietuvos, Latvijos, Ispanijos, Italijos mokiniai patirs, su kokiais sunkumais susiduria kitatau\u010diai j\u0173 \u0161alyje, ugdysis empatij\u0105.<\/li>\n<\/ul>\n<p>\u2022 Kordinatori\u0173 susitikimai<\/p>\n<p style=\"padding-left: 30px;\">\u25e6 <a href=\"https:\/\/youtu.be\/SyWm99_wHfc\">Pirmas (2016 m. lapkri\u010dio 2-5 dienomis)<\/a><\/p>\n<p style=\"padding-left: 30px;\">\u25e6 Antras (2018 m.)<\/p>\n<p>\u2022 Mokymai<\/p>\n<p style=\"padding-left: 30px;\">\u25e6 Lietuva (2017 m. kovo 20-24 dienomis)<\/p>\n<p style=\"padding-left: 30px;\"><div id=\"envira-gallery-wrap-3271\" class=\"envira-gallery-wrap envira-gallery-theme-base envira-lightbox-theme-base\" itemscope itemtype=\"https:\/\/schema.org\/ImageGallery\"><div data-row-height=\"150\" data-gallery-theme=\"normal\" id=\"envira-gallery-3271\" class=\"envira-gallery-public envira-gallery-justified-public envira-gallery-0-columns envira-clear enviratope envira-gallery-css-animations\" data-envira-columns=\"0\"><div id=\"envira-gallery-item-3272\" class=\"envira-gallery-item enviratope-item envira-gallery-item-1 envira-lazy-load\" style=\"padding-left: 5px; padding-bottom: 10px; padding-right: 5px;\"  itemscope itemtype=\"https:\/\/schema.org\/ImageObject\"><div class=\"envira-gallery-item-inner\"><div class=\"envira-gallery-position-overlay  envira-gallery-top-left\"><\/div><div class=\"envira-gallery-position-overlay  envira-gallery-top-right\"><\/div><div class=\"envira-gallery-position-overlay  envira-gallery-bottom-left\"><\/div><div class=\"envira-gallery-position-overlay  envira-gallery-bottom-right\"><\/div><a href=\"http:\/\/vsmc.lt\/wp-content\/uploads\/2017\/11\/02\/Collage-Nelda-class.jpeg\" class=\"envira-gallery-3271 envira-gallery-link\" rel=\"enviragallery3271\" title=\"Collage Nelda class\" data-envira-caption=\"Collage Nelda class\" data-envira-retina=\"\" data-thumbnail=\"\"  itemprop=\"contentUrl\"><img decoding=\"async\" id=\"envira-gallery-image-3272\" class=\"envira-gallery-image envira-gallery-image-1 envira-normal envira-lazy\" data-envira-index=\"1\" src=\"https:\/\/vsmc.lt\/wp-content\/uploads\/2017\/11\/02\/Collage-Nelda-class-405x720-640x480.jpeg\" data-envira-src=\"https:\/\/vsmc.lt\/wp-content\/uploads\/2017\/11\/02\/Collage-Nelda-class-405x720-640x480.jpeg\" data-envira-gallery-id=\"3271\" data-envira-item-id=\"3272\" data-envira-caption=\"Collage Nelda class\" alt=\"\" title=\"Collage Nelda class\"  itemprop=\"thumbnailUrl\" data-envira-srcset=\"https:\/\/vsmc.lt\/wp-content\/uploads\/2017\/11\/02\/Collage-Nelda-class-405x720-640x480.jpeg 400w,https:\/\/vsmc.lt\/wp-content\/uploads\/2017\/11\/02\/Collage-Nelda-class-405x720-640x480.jpeg 2x\" data-envira-width=\"203\" data-envira-height=\"360\" srcset=\"data:image\/gif;base64,R0lGODlhAQABAIAAAP\/\/\/\/\/\/\/yH5BAEKAAEALAAAAAABAAEAAAICTAEAOw==\" data-safe-src=\"data:image\/gif;base64,R0lGODlhAQABAIAAAP\/\/\/\/\/\/\/yH5BAEKAAEALAAAAAABAAEAAAICTAEAOw==\" \/><\/a><\/div><\/div><div id=\"envira-gallery-item-3273\" class=\"envira-gallery-item enviratope-item envira-gallery-item-2 envira-lazy-load\" style=\"padding-left: 5px; padding-bottom: 10px; padding-right: 5px;\"  itemscope itemtype=\"https:\/\/schema.org\/ImageObject\"><div class=\"envira-gallery-item-inner\"><div class=\"envira-gallery-position-overlay  envira-gallery-top-left\"><\/div><div class=\"envira-gallery-position-overlay  envira-gallery-top-right\"><\/div><div class=\"envira-gallery-position-overlay  envira-gallery-bottom-left\"><\/div><div class=\"envira-gallery-position-overlay  envira-gallery-bottom-right\"><\/div><a href=\"http:\/\/vsmc.lt\/wp-content\/uploads\/2017\/11\/02\/Collage-Lithuanians-house.jpeg\" class=\"envira-gallery-3271 envira-gallery-link\" rel=\"enviragallery3271\" title=\"Collage Lithuanians house\" data-envira-caption=\"Collage Lithuanians house\" data-envira-retina=\"\" data-thumbnail=\"\"  itemprop=\"contentUrl\"><img decoding=\"async\" id=\"envira-gallery-image-3273\" class=\"envira-gallery-image envira-gallery-image-2 envira-normal envira-lazy\" data-envira-index=\"2\" src=\"https:\/\/vsmc.lt\/wp-content\/uploads\/2017\/11\/02\/Collage-Lithuanians-house-720x720-640x480.jpeg\" data-envira-src=\"https:\/\/vsmc.lt\/wp-content\/uploads\/2017\/11\/02\/Collage-Lithuanians-house-720x720-640x480.jpeg\" data-envira-gallery-id=\"3271\" data-envira-item-id=\"3273\" data-envira-caption=\"Collage Lithuanians house\" alt=\"\" title=\"Collage Lithuanians house\"  itemprop=\"thumbnailUrl\" data-envira-srcset=\"https:\/\/vsmc.lt\/wp-content\/uploads\/2017\/11\/02\/Collage-Lithuanians-house-720x720-640x480.jpeg 400w,https:\/\/vsmc.lt\/wp-content\/uploads\/2017\/11\/02\/Collage-Lithuanians-house-720x720-640x480.jpeg 2x\" data-envira-width=\"360\" data-envira-height=\"360\" srcset=\"data:image\/gif;base64,R0lGODlhAQABAIAAAP\/\/\/\/\/\/\/yH5BAEKAAEALAAAAAABAAEAAAICTAEAOw==\" data-safe-src=\"data:image\/gif;base64,R0lGODlhAQABAIAAAP\/\/\/\/\/\/\/yH5BAEKAAEALAAAAAABAAEAAAICTAEAOw==\" \/><\/a><\/div><\/div><div id=\"envira-gallery-item-3274\" class=\"envira-gallery-item enviratope-item envira-gallery-item-3 envira-lazy-load\" style=\"padding-left: 5px; padding-bottom: 10px; padding-right: 5px;\"  itemscope itemtype=\"https:\/\/schema.org\/ImageObject\"><div class=\"envira-gallery-item-inner\"><div class=\"envira-gallery-position-overlay  envira-gallery-top-left\"><\/div><div class=\"envira-gallery-position-overlay  envira-gallery-top-right\"><\/div><div class=\"envira-gallery-position-overlay  envira-gallery-bottom-left\"><\/div><div class=\"envira-gallery-position-overlay  envira-gallery-bottom-right\"><\/div><a href=\"http:\/\/vsmc.lt\/wp-content\/uploads\/2017\/11\/02\/Collage-Certificates.jpeg\" class=\"envira-gallery-3271 envira-gallery-link\" rel=\"enviragallery3271\" title=\"Collage Certificates\" data-envira-caption=\"Collage Certificates\" data-envira-retina=\"\" data-thumbnail=\"\"  itemprop=\"contentUrl\"><img decoding=\"async\" id=\"envira-gallery-image-3274\" class=\"envira-gallery-image envira-gallery-image-3 envira-normal envira-lazy\" data-envira-index=\"3\" src=\"https:\/\/vsmc.lt\/wp-content\/uploads\/2017\/11\/02\/Collage-Certificates-720x720-640x480.jpeg\" data-envira-src=\"https:\/\/vsmc.lt\/wp-content\/uploads\/2017\/11\/02\/Collage-Certificates-720x720-640x480.jpeg\" data-envira-gallery-id=\"3271\" data-envira-item-id=\"3274\" data-envira-caption=\"Collage Certificates\" alt=\"\" title=\"Collage Certificates\"  itemprop=\"thumbnailUrl\" data-envira-srcset=\"https:\/\/vsmc.lt\/wp-content\/uploads\/2017\/11\/02\/Collage-Certificates-720x720-640x480.jpeg 400w,https:\/\/vsmc.lt\/wp-content\/uploads\/2017\/11\/02\/Collage-Certificates-720x720-640x480.jpeg 2x\" data-envira-width=\"360\" data-envira-height=\"360\" srcset=\"data:image\/gif;base64,R0lGODlhAQABAIAAAP\/\/\/\/\/\/\/yH5BAEKAAEALAAAAAABAAEAAAICTAEAOw==\" data-safe-src=\"data:image\/gif;base64,R0lGODlhAQABAIAAAP\/\/\/\/\/\/\/yH5BAEKAAEALAAAAAABAAEAAAICTAEAOw==\" \/><\/a><\/div><\/div><\/div><\/div><noscript><img decoding=\"async\" src=\"https:\/\/vsmc.lt\/wp-content\/uploads\/2017\/11\/02\/Collage-Nelda-class.jpeg\" alt=\"\" \/><img decoding=\"async\" src=\"https:\/\/vsmc.lt\/wp-content\/uploads\/2017\/11\/02\/Collage-Lithuanians-house.jpeg\" alt=\"\" \/><img decoding=\"async\" src=\"https:\/\/vsmc.lt\/wp-content\/uploads\/2017\/11\/02\/Collage-Certificates.jpeg\" alt=\"\" \/><\/noscript><\/p>\n<p style=\"padding-left: 30px;\">\u25e6 Italija<\/p>\n<p style=\"padding-left: 30px;\">\u25e6 Latvija<\/p>\n<p>\u2022 <a href=\"https:\/\/infomaterialska2.wordpress.com\/\">Sukurta mokomoji med\u017eiaga<\/a><br \/>\n\u2022 Detalus projekto veikl\u0173 apra\u0161ymas (pildomas)<\/p>\n<p style=\"text-align: right;\">Pareng\u0117 angl\u0173 kalbos vyresn. mokytoja Ana Tym\u010diuk<\/p>\n","protected":false},"excerpt":{"rendered":"<p>Nuo 2016 met\u0173 rugs\u0117jo m\u0117nesio Vilniaus suaugusi\u0173j\u0173 mokymo centras (VSMC) vykdo Erasmus+ finansuojam\u0105 strategin\u0117s partneryst\u0117s projekt\u0105 \u201eMokymo priemoni\u0173 ir informacini\u0173 \u012franki\u0173 paketas, skirtas pab\u0117g\u0117liams ir imigrantams\u201c (\u201eInformation and Education Materials for refugees and immigrants\u201c) 2016-1-ES01-KA204-025077. \u2022 Projekto tikslai I\u0161siai\u0161kinti, kokius i\u0161\u0161\u016bkius patiria pab\u0117g\u0117liai\/imigrantai juos priiman\u010diose \u0161alyse. Prisid\u0117ti prie pab\u0117g\u0117li\u0173 ir imigrant\u0173 veiksmingos integracijos \u012f socialin\u012f, [&hellip;]<\/p>\n","protected":false},"author":1,"featured_media":0,"parent":815,"menu_order":0,"comment_status":"closed","ping_status":"closed","template":"","meta":{"footnotes":""},"class_list":["post-3259","page","type-page","status-publish","hentry"],"yoast_head":"<!-- This site is optimized with the Yoast SEO plugin v27.3 - https:\/\/yoast.com\/product\/yoast-seo-wordpress\/ -->\n<title>ERASMUS+ KA2 2016-2018 m. m. - Vilniaus suaugusi\u0173j\u0173 mokymo centras<\/title>\n<meta name=\"robots\" content=\"index, follow, max-snippet:-1, max-image-preview:large, max-video-preview:-1\" \/>\n<link rel=\"canonical\" href=\"https:\/\/vsmc.lt\/?page_id=3259\" \/>\n<meta property=\"og:locale\" content=\"lt_LT\" \/>\n<meta property=\"og:type\" content=\"article\" \/>\n<meta property=\"og:title\" content=\"ERASMUS+ KA2 2016-2018 m. m. - Vilniaus suaugusi\u0173j\u0173 mokymo centras\" \/>\n<meta property=\"og:description\" content=\"Nuo 2016 met\u0173 rugs\u0117jo m\u0117nesio Vilniaus suaugusi\u0173j\u0173 mokymo centras (VSMC) vykdo Erasmus+ finansuojam\u0105 strategin\u0117s partneryst\u0117s projekt\u0105 \u201eMokymo priemoni\u0173 ir informacini\u0173 \u012franki\u0173 paketas, skirtas pab\u0117g\u0117liams ir imigrantams\u201c (\u201eInformation and Education Materials for refugees and immigrants\u201c) 2016-1-ES01-KA204-025077. \u2022 Projekto tikslai I\u0161siai\u0161kinti, kokius i\u0161\u0161\u016bkius patiria pab\u0117g\u0117liai\/imigrantai juos priiman\u010diose \u0161alyse. Prisid\u0117ti prie pab\u0117g\u0117li\u0173 ir imigrant\u0173 veiksmingos integracijos \u012f socialin\u012f, [&hellip;]\" \/>\n<meta property=\"og:url\" content=\"https:\/\/vsmc.lt\/?page_id=3259\" \/>\n<meta property=\"og:site_name\" content=\"Vilniaus suaugusi\u0173j\u0173 mokymo centras\" \/>\n<meta property=\"article:publisher\" content=\"https:\/\/www.facebook.com\/p\/Vilniaus-suaugusij-mokymo-centras-VSMC-gimnazija-100034428106674\/\" \/>\n<meta property=\"article:modified_time\" content=\"2024-03-28T09:41:01+00:00\" \/>\n<meta property=\"og:image\" content=\"http:\/\/vsmc.lt\/wp-content\/uploads\/2017\/11\/02\/LogoEPLUS.png\" \/>\n<meta name=\"twitter:card\" content=\"summary_large_image\" \/>\n<meta name=\"twitter:label1\" content=\"Est. reading time\" \/>\n\t<meta name=\"twitter:data1\" content=\"1 minut\u0117\" \/>\n<script type=\"application\/ld+json\" class=\"yoast-schema-graph\">{\"@context\":\"https:\\\/\\\/schema.org\",\"@graph\":[{\"@type\":\"WebPage\",\"@id\":\"https:\\\/\\\/vsmc.lt\\\/?page_id=3259\",\"url\":\"https:\\\/\\\/vsmc.lt\\\/?page_id=3259\",\"name\":\"ERASMUS+ KA2 2016-2018 m. m. - Vilniaus suaugusi\u0173j\u0173 mokymo centras\",\"isPartOf\":{\"@id\":\"https:\\\/\\\/vsmc.lt\\\/#website\"},\"primaryImageOfPage\":{\"@id\":\"https:\\\/\\\/vsmc.lt\\\/?page_id=3259#primaryimage\"},\"image\":{\"@id\":\"https:\\\/\\\/vsmc.lt\\\/?page_id=3259#primaryimage\"},\"thumbnailUrl\":\"http:\\\/\\\/vsmc.lt\\\/wp-content\\\/uploads\\\/2017\\\/11\\\/02\\\/LogoEPLUS.png\",\"datePublished\":\"2017-11-02T11:11:56+00:00\",\"dateModified\":\"2024-03-28T09:41:01+00:00\",\"breadcrumb\":{\"@id\":\"https:\\\/\\\/vsmc.lt\\\/?page_id=3259#breadcrumb\"},\"inLanguage\":\"lt-LT\",\"potentialAction\":[{\"@type\":\"ReadAction\",\"target\":[\"https:\\\/\\\/vsmc.lt\\\/?page_id=3259\"]}]},{\"@type\":\"ImageObject\",\"inLanguage\":\"lt-LT\",\"@id\":\"https:\\\/\\\/vsmc.lt\\\/?page_id=3259#primaryimage\",\"url\":\"http:\\\/\\\/vsmc.lt\\\/wp-content\\\/uploads\\\/2017\\\/11\\\/02\\\/LogoEPLUS.png\",\"contentUrl\":\"http:\\\/\\\/vsmc.lt\\\/wp-content\\\/uploads\\\/2017\\\/11\\\/02\\\/LogoEPLUS.png\"},{\"@type\":\"BreadcrumbList\",\"@id\":\"https:\\\/\\\/vsmc.lt\\\/?page_id=3259#breadcrumb\",\"itemListElement\":[{\"@type\":\"ListItem\",\"position\":1,\"name\":\"Home\",\"item\":\"https:\\\/\\\/vsmc.lt\\\/\"},{\"@type\":\"ListItem\",\"position\":2,\"name\":\"Veiklos sritys\",\"item\":\"https:\\\/\\\/vsmc.lt\\\/?page_id=846\"},{\"@type\":\"ListItem\",\"position\":3,\"name\":\"Projektai\",\"item\":\"https:\\\/\\\/vsmc.lt\\\/?page_id=815\"},{\"@type\":\"ListItem\",\"position\":4,\"name\":\"ERASMUS+ KA2 2016-2018 m. m.\"}]},{\"@type\":\"WebSite\",\"@id\":\"https:\\\/\\\/vsmc.lt\\\/#website\",\"url\":\"https:\\\/\\\/vsmc.lt\\\/\",\"name\":\"Vilniaus suaugusi\u0173j\u0173 mokymo centras\",\"description\":\"VSMC\",\"publisher\":{\"@id\":\"https:\\\/\\\/vsmc.lt\\\/#organization\"},\"alternateName\":\"VSMC\",\"potentialAction\":[{\"@type\":\"SearchAction\",\"target\":{\"@type\":\"EntryPoint\",\"urlTemplate\":\"https:\\\/\\\/vsmc.lt\\\/?s={search_term_string}\"},\"query-input\":{\"@type\":\"PropertyValueSpecification\",\"valueRequired\":true,\"valueName\":\"search_term_string\"}}],\"inLanguage\":\"lt-LT\"},{\"@type\":\"Organization\",\"@id\":\"https:\\\/\\\/vsmc.lt\\\/#organization\",\"name\":\"Vilniaus suaugusi\u0173j\u0173 mokymo centras\",\"alternateName\":\"VSMC\",\"url\":\"https:\\\/\\\/vsmc.lt\\\/\",\"logo\":{\"@type\":\"ImageObject\",\"inLanguage\":\"lt-LT\",\"@id\":\"https:\\\/\\\/vsmc.lt\\\/#\\\/schema\\\/logo\\\/image\\\/\",\"url\":\"https:\\\/\\\/vsmc.lt\\\/wp-content\\\/uploads\\\/2016\\\/11\\\/15\\\/logo.png\",\"contentUrl\":\"https:\\\/\\\/vsmc.lt\\\/wp-content\\\/uploads\\\/2016\\\/11\\\/15\\\/logo.png\",\"width\":96,\"height\":121,\"caption\":\"Vilniaus suaugusi\u0173j\u0173 mokymo centras\"},\"image\":{\"@id\":\"https:\\\/\\\/vsmc.lt\\\/#\\\/schema\\\/logo\\\/image\\\/\"},\"sameAs\":[\"https:\\\/\\\/www.facebook.com\\\/p\\\/Vilniaus-suaugusij-mokymo-centras-VSMC-gimnazija-100034428106674\\\/\"]}]}<\/script>\n<!-- \/ Yoast SEO plugin. -->","yoast_head_json":{"title":"ERASMUS+ KA2 2016-2018 m. m. - Vilniaus suaugusi\u0173j\u0173 mokymo centras","robots":{"index":"index","follow":"follow","max-snippet":"max-snippet:-1","max-image-preview":"max-image-preview:large","max-video-preview":"max-video-preview:-1"},"canonical":"https:\/\/vsmc.lt\/?page_id=3259","og_locale":"lt_LT","og_type":"article","og_title":"ERASMUS+ KA2 2016-2018 m. m. - Vilniaus suaugusi\u0173j\u0173 mokymo centras","og_description":"Nuo 2016 met\u0173 rugs\u0117jo m\u0117nesio Vilniaus suaugusi\u0173j\u0173 mokymo centras (VSMC) vykdo Erasmus+ finansuojam\u0105 strategin\u0117s partneryst\u0117s projekt\u0105 \u201eMokymo priemoni\u0173 ir informacini\u0173 \u012franki\u0173 paketas, skirtas pab\u0117g\u0117liams ir imigrantams\u201c (\u201eInformation and Education Materials for refugees and immigrants\u201c) 2016-1-ES01-KA204-025077. \u2022 Projekto tikslai I\u0161siai\u0161kinti, kokius i\u0161\u0161\u016bkius patiria pab\u0117g\u0117liai\/imigrantai juos priiman\u010diose \u0161alyse. Prisid\u0117ti prie pab\u0117g\u0117li\u0173 ir imigrant\u0173 veiksmingos integracijos \u012f socialin\u012f, [&hellip;]","og_url":"https:\/\/vsmc.lt\/?page_id=3259","og_site_name":"Vilniaus suaugusi\u0173j\u0173 mokymo centras","article_publisher":"https:\/\/www.facebook.com\/p\/Vilniaus-suaugusij-mokymo-centras-VSMC-gimnazija-100034428106674\/","article_modified_time":"2024-03-28T09:41:01+00:00","og_image":[{"url":"http:\/\/vsmc.lt\/wp-content\/uploads\/2017\/11\/02\/LogoEPLUS.png","type":"","width":"","height":""}],"twitter_card":"summary_large_image","twitter_misc":{"Est. reading time":"1 minut\u0117"},"schema":{"@context":"https:\/\/schema.org","@graph":[{"@type":"WebPage","@id":"https:\/\/vsmc.lt\/?page_id=3259","url":"https:\/\/vsmc.lt\/?page_id=3259","name":"ERASMUS+ KA2 2016-2018 m. m. - Vilniaus suaugusi\u0173j\u0173 mokymo centras","isPartOf":{"@id":"https:\/\/vsmc.lt\/#website"},"primaryImageOfPage":{"@id":"https:\/\/vsmc.lt\/?page_id=3259#primaryimage"},"image":{"@id":"https:\/\/vsmc.lt\/?page_id=3259#primaryimage"},"thumbnailUrl":"http:\/\/vsmc.lt\/wp-content\/uploads\/2017\/11\/02\/LogoEPLUS.png","datePublished":"2017-11-02T11:11:56+00:00","dateModified":"2024-03-28T09:41:01+00:00","breadcrumb":{"@id":"https:\/\/vsmc.lt\/?page_id=3259#breadcrumb"},"inLanguage":"lt-LT","potentialAction":[{"@type":"ReadAction","target":["https:\/\/vsmc.lt\/?page_id=3259"]}]},{"@type":"ImageObject","inLanguage":"lt-LT","@id":"https:\/\/vsmc.lt\/?page_id=3259#primaryimage","url":"http:\/\/vsmc.lt\/wp-content\/uploads\/2017\/11\/02\/LogoEPLUS.png","contentUrl":"http:\/\/vsmc.lt\/wp-content\/uploads\/2017\/11\/02\/LogoEPLUS.png"},{"@type":"BreadcrumbList","@id":"https:\/\/vsmc.lt\/?page_id=3259#breadcrumb","itemListElement":[{"@type":"ListItem","position":1,"name":"Home","item":"https:\/\/vsmc.lt\/"},{"@type":"ListItem","position":2,"name":"Veiklos sritys","item":"https:\/\/vsmc.lt\/?page_id=846"},{"@type":"ListItem","position":3,"name":"Projektai","item":"https:\/\/vsmc.lt\/?page_id=815"},{"@type":"ListItem","position":4,"name":"ERASMUS+ KA2 2016-2018 m. m."}]},{"@type":"WebSite","@id":"https:\/\/vsmc.lt\/#website","url":"https:\/\/vsmc.lt\/","name":"Vilniaus suaugusi\u0173j\u0173 mokymo centras","description":"VSMC","publisher":{"@id":"https:\/\/vsmc.lt\/#organization"},"alternateName":"VSMC","potentialAction":[{"@type":"SearchAction","target":{"@type":"EntryPoint","urlTemplate":"https:\/\/vsmc.lt\/?s={search_term_string}"},"query-input":{"@type":"PropertyValueSpecification","valueRequired":true,"valueName":"search_term_string"}}],"inLanguage":"lt-LT"},{"@type":"Organization","@id":"https:\/\/vsmc.lt\/#organization","name":"Vilniaus suaugusi\u0173j\u0173 mokymo centras","alternateName":"VSMC","url":"https:\/\/vsmc.lt\/","logo":{"@type":"ImageObject","inLanguage":"lt-LT","@id":"https:\/\/vsmc.lt\/#\/schema\/logo\/image\/","url":"https:\/\/vsmc.lt\/wp-content\/uploads\/2016\/11\/15\/logo.png","contentUrl":"https:\/\/vsmc.lt\/wp-content\/uploads\/2016\/11\/15\/logo.png","width":96,"height":121,"caption":"Vilniaus suaugusi\u0173j\u0173 mokymo centras"},"image":{"@id":"https:\/\/vsmc.lt\/#\/schema\/logo\/image\/"},"sameAs":["https:\/\/www.facebook.com\/p\/Vilniaus-suaugusij-mokymo-centras-VSMC-gimnazija-100034428106674\/"]}]}},"_links":{"self":[{"href":"https:\/\/vsmc.lt\/index.php?rest_route=\/wp\/v2\/pages\/3259","targetHints":{"allow":["GET"]}}],"collection":[{"href":"https:\/\/vsmc.lt\/index.php?rest_route=\/wp\/v2\/pages"}],"about":[{"href":"https:\/\/vsmc.lt\/index.php?rest_route=\/wp\/v2\/types\/page"}],"author":[{"embeddable":true,"href":"https:\/\/vsmc.lt\/index.php?rest_route=\/wp\/v2\/users\/1"}],"replies":[{"embeddable":true,"href":"https:\/\/vsmc.lt\/index.php?rest_route=%2Fwp%2Fv2%2Fcomments&post=3259"}],"version-history":[{"count":11,"href":"https:\/\/vsmc.lt\/index.php?rest_route=\/wp\/v2\/pages\/3259\/revisions"}],"predecessor-version":[{"id":11013,"href":"https:\/\/vsmc.lt\/index.php?rest_route=\/wp\/v2\/pages\/3259\/revisions\/11013"}],"up":[{"embeddable":true,"href":"https:\/\/vsmc.lt\/index.php?rest_route=\/wp\/v2\/pages\/815"}],"wp:attachment":[{"href":"https:\/\/vsmc.lt\/index.php?rest_route=%2Fwp%2Fv2%2Fmedia&parent=3259"}],"curies":[{"name":"wp","href":"https:\/\/api.w.org\/{rel}","templated":true}]}}