{"id":6318,"date":"2020-02-11T18:51:02","date_gmt":"2020-02-11T15:51:02","guid":{"rendered":"http:\/\/vsmc.lt\/?page_id=6318"},"modified":"2025-02-03T11:23:55","modified_gmt":"2025-02-03T08:23:55","slug":"kvieciame-mokytis","status":"publish","type":"page","link":"https:\/\/vsmc.lt\/?page_id=6318","title":{"rendered":"Kvie\u010diame mokytis"},"content":{"rendered":"<p><img loading=\"lazy\" decoding=\"async\" class=\"alignnone size-full wp-image-4072\" src=\"https:\/\/vsmc.lt\/wp-content\/uploads\/2018\/04\/19\/Header_VSMC.png\" alt=\"\" width=\"1020\" height=\"120\" srcset=\"https:\/\/vsmc.lt\/wp-content\/uploads\/2018\/04\/19\/Header_VSMC.png 1020w, https:\/\/vsmc.lt\/wp-content\/uploads\/2018\/04\/19\/Header_VSMC-640x75.png 640w, https:\/\/vsmc.lt\/wp-content\/uploads\/2018\/04\/19\/Header_VSMC-768x90.png 768w\" sizes=\"auto, (max-width: 1020px) 100vw, 1020px\" \/><\/p>\n<p><strong>Kvie\u010diame mokytis ir suteikiame jums galimyb\u0119 \u012fgyti pagrindin\u012f ir vidurin\u012f i\u0161silavinim\u0105 arba mokytis atskir\u0173 dalyk\u0173 jums patogiu laiku ir priimtina forma.<\/strong><\/p>\n<p>Nuo kovo 1 d. iki rugpj\u016b\u010dio 31 d. pra\u0161ymai mokytis pateikiami per Vilniaus m. savivaldyb\u0117s elektronin\u0119 pra\u0161ym\u0173 registravimo sistem\u0105.<\/p>\n<p><strong>Nuoroda VSMC tinklapyje http:\/\/www.vsmc.lt\u00a0<\/strong><\/p>\n<ol>\n<li><strong>KASDIENIS MOKYMAS (IS)<\/strong><\/li>\n<\/ol>\n<p><u>Pamokos vyksta \u00a0nuo pirmadienio iki ketvirtadienio,\u00a0 ryte ar vakare, mokoma (si) gimt\u0105ja kalba (lietuvi\u0173, lenk\u0173, rus\u0173).<\/u><\/p>\n<p><em>Priimame ir asmenis, baigusius u\u017esienio valstyb\u0117s, tarptautin\u0117s organizacijos pagrindinio, vidurinio ugdymo programos dal\u012f ar pagrindinio ugdymo program\u0105<\/em>.<\/p>\n<ol start=\"2\">\n<li><strong>NEAKIVAIZDINIS MOKYMAS (IS)<\/strong><\/li>\n<\/ol>\n<p><u>Mokiniai kart\u0105 per savait\u0119 (penktadien\u012f) mokomi ir konsultuojami mokytoj\u0173 pagal suaugusi\u0173j\u0173 pagrindinio, vidurinio ugdymo programas (vis\u0173 dalyk\u0173, atskir\u0173 dalyk\u0173 ar j\u0173 moduli\u0173).<\/u><\/p>\n<p><em>Gali mokytis ir asmenys, turintys vidurin\u012f i\u0161silavinim\u0105. U\u017e pakartotinai pageidaujam\u0173 dalyk\u0173 mokym\u0105si pagal suaugusi\u0173j\u0173 vidurinio ugdymo program\u0105 sumokama savo l\u0117\u0161omis.<\/em><\/p>\n<ol start=\"3\">\n<li><strong>NUOTOLINIS MOKYMAS (IS)<\/strong><\/li>\n<\/ol>\n<p><u>Negalintiems mokytis kasdieniu\/neakivaizdiniu b\u016bdu sudaroma galimyb\u0117 t\u0119sti mokym\u0105 (si) derinant kontaktin\u012f ir nekontaktin\u012f mokymosi b\u016bd\u0105.<\/u><\/p>\n<p><strong>Pateikiami \u0161ie dokumentai:<\/strong><\/p>\n<ol>\n<li>asmens dokumentas (u\u017esienio pilie\u010diams \u2013 leidimas gyventi Lietuvoje);<\/li>\n<li>i\u0161silavinimo dokumentas;<\/li>\n<li>pavard\u0117s ir\/ar vardo keitimo dokumentas (jeigu i\u0161silavinimo dokumentuose neatitinka pavard\u0117 ir\/ar vardas);<\/li>\n<li>pra\u0161ymas.<\/li>\n<\/ol>\n<p><strong>M\u016bs\u0173 adresas:<\/strong>\u00a0 Vykinto g. 11, LT \u2013 08118 Vilnius<\/p>\n<p>Tel. ( +370) 644 50741,\u00a0 (+370) 693 11623<\/p>\n<p>El. pa\u0161tas:\u00a0<a href=\"mailto:rastine@smc.vilnius.lm.lt\">rastine@vsmc.lt<\/a><\/p>\n<p>Tinklalapis: http:\/\/www.vsmc.lt<\/p>\n","protected":false},"excerpt":{"rendered":"<p>Kvie\u010diame mokytis ir suteikiame jums galimyb\u0119 \u012fgyti pagrindin\u012f ir vidurin\u012f i\u0161silavinim\u0105 arba mokytis atskir\u0173 dalyk\u0173 jums patogiu laiku ir priimtina forma. Nuo kovo 1 d. iki rugpj\u016b\u010dio 31 d. pra\u0161ymai mokytis pateikiami per Vilniaus m. savivaldyb\u0117s elektronin\u0119 pra\u0161ym\u0173 registravimo sistem\u0105. Nuoroda VSMC tinklapyje http:\/\/www.vsmc.lt\u00a0 KASDIENIS MOKYMAS (IS) Pamokos vyksta \u00a0nuo pirmadienio iki ketvirtadienio,\u00a0 ryte ar [&hellip;]<\/p>\n","protected":false},"author":1,"featured_media":0,"parent":765,"menu_order":0,"comment_status":"closed","ping_status":"closed","template":"","meta":{"footnotes":""},"class_list":["post-6318","page","type-page","status-publish","hentry"],"yoast_head":"<!-- This site is optimized with the Yoast SEO plugin v27.4 - https:\/\/yoast.com\/product\/yoast-seo-wordpress\/ -->\n<title>Kvie\u010diame mokytis - Vilniaus suaugusi\u0173j\u0173 mokymo centras<\/title>\n<meta name=\"robots\" content=\"index, follow, max-snippet:-1, max-image-preview:large, max-video-preview:-1\" \/>\n<link rel=\"canonical\" href=\"https:\/\/vsmc.lt\/?page_id=6318\" \/>\n<meta property=\"og:locale\" content=\"lt_LT\" \/>\n<meta property=\"og:type\" content=\"article\" \/>\n<meta property=\"og:title\" content=\"Kvie\u010diame mokytis - Vilniaus suaugusi\u0173j\u0173 mokymo centras\" \/>\n<meta property=\"og:description\" content=\"Kvie\u010diame mokytis ir suteikiame jums galimyb\u0119 \u012fgyti pagrindin\u012f ir vidurin\u012f i\u0161silavinim\u0105 arba mokytis atskir\u0173 dalyk\u0173 jums patogiu laiku ir priimtina forma. Nuo kovo 1 d. iki rugpj\u016b\u010dio 31 d. pra\u0161ymai mokytis pateikiami per Vilniaus m. savivaldyb\u0117s elektronin\u0119 pra\u0161ym\u0173 registravimo sistem\u0105. Nuoroda VSMC tinklapyje http:\/\/www.vsmc.lt\u00a0 KASDIENIS MOKYMAS (IS) Pamokos vyksta \u00a0nuo pirmadienio iki ketvirtadienio,\u00a0 ryte ar [&hellip;]\" \/>\n<meta property=\"og:url\" content=\"https:\/\/vsmc.lt\/?page_id=6318\" \/>\n<meta property=\"og:site_name\" content=\"Vilniaus suaugusi\u0173j\u0173 mokymo centras\" \/>\n<meta property=\"article:publisher\" content=\"https:\/\/www.facebook.com\/p\/Vilniaus-suaugusij-mokymo-centras-VSMC-gimnazija-100034428106674\/\" \/>\n<meta property=\"article:modified_time\" content=\"2025-02-03T08:23:55+00:00\" \/>\n<meta property=\"og:image\" content=\"http:\/\/vsmc.lt\/wp-content\/uploads\/2018\/04\/19\/Header_VSMC.png\" \/>\n<meta name=\"twitter:card\" content=\"summary_large_image\" \/>\n<meta name=\"twitter:label1\" content=\"Est. reading time\" \/>\n\t<meta name=\"twitter:data1\" content=\"1 minut\u0117\" \/>\n<script type=\"application\/ld+json\" class=\"yoast-schema-graph\">{\"@context\":\"https:\\\/\\\/schema.org\",\"@graph\":[{\"@type\":\"WebPage\",\"@id\":\"https:\\\/\\\/vsmc.lt\\\/?page_id=6318\",\"url\":\"https:\\\/\\\/vsmc.lt\\\/?page_id=6318\",\"name\":\"Kvie\u010diame mokytis - Vilniaus suaugusi\u0173j\u0173 mokymo centras\",\"isPartOf\":{\"@id\":\"https:\\\/\\\/vsmc.lt\\\/#website\"},\"primaryImageOfPage\":{\"@id\":\"https:\\\/\\\/vsmc.lt\\\/?page_id=6318#primaryimage\"},\"image\":{\"@id\":\"https:\\\/\\\/vsmc.lt\\\/?page_id=6318#primaryimage\"},\"thumbnailUrl\":\"http:\\\/\\\/vsmc.lt\\\/wp-content\\\/uploads\\\/2018\\\/04\\\/19\\\/Header_VSMC.png\",\"datePublished\":\"2020-02-11T15:51:02+00:00\",\"dateModified\":\"2025-02-03T08:23:55+00:00\",\"breadcrumb\":{\"@id\":\"https:\\\/\\\/vsmc.lt\\\/?page_id=6318#breadcrumb\"},\"inLanguage\":\"lt-LT\",\"potentialAction\":[{\"@type\":\"ReadAction\",\"target\":[\"https:\\\/\\\/vsmc.lt\\\/?page_id=6318\"]}]},{\"@type\":\"ImageObject\",\"inLanguage\":\"lt-LT\",\"@id\":\"https:\\\/\\\/vsmc.lt\\\/?page_id=6318#primaryimage\",\"url\":\"http:\\\/\\\/vsmc.lt\\\/wp-content\\\/uploads\\\/2018\\\/04\\\/19\\\/Header_VSMC.png\",\"contentUrl\":\"http:\\\/\\\/vsmc.lt\\\/wp-content\\\/uploads\\\/2018\\\/04\\\/19\\\/Header_VSMC.png\"},{\"@type\":\"BreadcrumbList\",\"@id\":\"https:\\\/\\\/vsmc.lt\\\/?page_id=6318#breadcrumb\",\"itemListElement\":[{\"@type\":\"ListItem\",\"position\":1,\"name\":\"Home\",\"item\":\"https:\\\/\\\/vsmc.lt\\\/\"},{\"@type\":\"ListItem\",\"position\":2,\"name\":\"PRI\u0116MIMAS\",\"item\":\"https:\\\/\\\/vsmc.lt\\\/?page_id=765\"},{\"@type\":\"ListItem\",\"position\":3,\"name\":\"Kvie\u010diame mokytis\"}]},{\"@type\":\"WebSite\",\"@id\":\"https:\\\/\\\/vsmc.lt\\\/#website\",\"url\":\"https:\\\/\\\/vsmc.lt\\\/\",\"name\":\"Vilniaus suaugusi\u0173j\u0173 mokymo centras\",\"description\":\"VSMC\",\"publisher\":{\"@id\":\"https:\\\/\\\/vsmc.lt\\\/#organization\"},\"alternateName\":\"VSMC\",\"potentialAction\":[{\"@type\":\"SearchAction\",\"target\":{\"@type\":\"EntryPoint\",\"urlTemplate\":\"https:\\\/\\\/vsmc.lt\\\/?s={search_term_string}\"},\"query-input\":{\"@type\":\"PropertyValueSpecification\",\"valueRequired\":true,\"valueName\":\"search_term_string\"}}],\"inLanguage\":\"lt-LT\"},{\"@type\":\"Organization\",\"@id\":\"https:\\\/\\\/vsmc.lt\\\/#organization\",\"name\":\"Vilniaus suaugusi\u0173j\u0173 mokymo centras\",\"alternateName\":\"VSMC\",\"url\":\"https:\\\/\\\/vsmc.lt\\\/\",\"logo\":{\"@type\":\"ImageObject\",\"inLanguage\":\"lt-LT\",\"@id\":\"https:\\\/\\\/vsmc.lt\\\/#\\\/schema\\\/logo\\\/image\\\/\",\"url\":\"https:\\\/\\\/vsmc.lt\\\/wp-content\\\/uploads\\\/2016\\\/11\\\/15\\\/logo.png\",\"contentUrl\":\"https:\\\/\\\/vsmc.lt\\\/wp-content\\\/uploads\\\/2016\\\/11\\\/15\\\/logo.png\",\"width\":96,\"height\":121,\"caption\":\"Vilniaus suaugusi\u0173j\u0173 mokymo centras\"},\"image\":{\"@id\":\"https:\\\/\\\/vsmc.lt\\\/#\\\/schema\\\/logo\\\/image\\\/\"},\"sameAs\":[\"https:\\\/\\\/www.facebook.com\\\/p\\\/Vilniaus-suaugusij-mokymo-centras-VSMC-gimnazija-100034428106674\\\/\"]}]}<\/script>\n<!-- \/ Yoast SEO plugin. -->","yoast_head_json":{"title":"Kvie\u010diame mokytis - Vilniaus suaugusi\u0173j\u0173 mokymo centras","robots":{"index":"index","follow":"follow","max-snippet":"max-snippet:-1","max-image-preview":"max-image-preview:large","max-video-preview":"max-video-preview:-1"},"canonical":"https:\/\/vsmc.lt\/?page_id=6318","og_locale":"lt_LT","og_type":"article","og_title":"Kvie\u010diame mokytis - Vilniaus suaugusi\u0173j\u0173 mokymo centras","og_description":"Kvie\u010diame mokytis ir suteikiame jums galimyb\u0119 \u012fgyti pagrindin\u012f ir vidurin\u012f i\u0161silavinim\u0105 arba mokytis atskir\u0173 dalyk\u0173 jums patogiu laiku ir priimtina forma. Nuo kovo 1 d. iki rugpj\u016b\u010dio 31 d. pra\u0161ymai mokytis pateikiami per Vilniaus m. savivaldyb\u0117s elektronin\u0119 pra\u0161ym\u0173 registravimo sistem\u0105. Nuoroda VSMC tinklapyje http:\/\/www.vsmc.lt\u00a0 KASDIENIS MOKYMAS (IS) Pamokos vyksta \u00a0nuo pirmadienio iki ketvirtadienio,\u00a0 ryte ar [&hellip;]","og_url":"https:\/\/vsmc.lt\/?page_id=6318","og_site_name":"Vilniaus suaugusi\u0173j\u0173 mokymo centras","article_publisher":"https:\/\/www.facebook.com\/p\/Vilniaus-suaugusij-mokymo-centras-VSMC-gimnazija-100034428106674\/","article_modified_time":"2025-02-03T08:23:55+00:00","og_image":[{"url":"http:\/\/vsmc.lt\/wp-content\/uploads\/2018\/04\/19\/Header_VSMC.png","type":"","width":"","height":""}],"twitter_card":"summary_large_image","twitter_misc":{"Est. reading time":"1 minut\u0117"},"schema":{"@context":"https:\/\/schema.org","@graph":[{"@type":"WebPage","@id":"https:\/\/vsmc.lt\/?page_id=6318","url":"https:\/\/vsmc.lt\/?page_id=6318","name":"Kvie\u010diame mokytis - Vilniaus suaugusi\u0173j\u0173 mokymo centras","isPartOf":{"@id":"https:\/\/vsmc.lt\/#website"},"primaryImageOfPage":{"@id":"https:\/\/vsmc.lt\/?page_id=6318#primaryimage"},"image":{"@id":"https:\/\/vsmc.lt\/?page_id=6318#primaryimage"},"thumbnailUrl":"http:\/\/vsmc.lt\/wp-content\/uploads\/2018\/04\/19\/Header_VSMC.png","datePublished":"2020-02-11T15:51:02+00:00","dateModified":"2025-02-03T08:23:55+00:00","breadcrumb":{"@id":"https:\/\/vsmc.lt\/?page_id=6318#breadcrumb"},"inLanguage":"lt-LT","potentialAction":[{"@type":"ReadAction","target":["https:\/\/vsmc.lt\/?page_id=6318"]}]},{"@type":"ImageObject","inLanguage":"lt-LT","@id":"https:\/\/vsmc.lt\/?page_id=6318#primaryimage","url":"http:\/\/vsmc.lt\/wp-content\/uploads\/2018\/04\/19\/Header_VSMC.png","contentUrl":"http:\/\/vsmc.lt\/wp-content\/uploads\/2018\/04\/19\/Header_VSMC.png"},{"@type":"BreadcrumbList","@id":"https:\/\/vsmc.lt\/?page_id=6318#breadcrumb","itemListElement":[{"@type":"ListItem","position":1,"name":"Home","item":"https:\/\/vsmc.lt\/"},{"@type":"ListItem","position":2,"name":"PRI\u0116MIMAS","item":"https:\/\/vsmc.lt\/?page_id=765"},{"@type":"ListItem","position":3,"name":"Kvie\u010diame mokytis"}]},{"@type":"WebSite","@id":"https:\/\/vsmc.lt\/#website","url":"https:\/\/vsmc.lt\/","name":"Vilniaus suaugusi\u0173j\u0173 mokymo centras","description":"VSMC","publisher":{"@id":"https:\/\/vsmc.lt\/#organization"},"alternateName":"VSMC","potentialAction":[{"@type":"SearchAction","target":{"@type":"EntryPoint","urlTemplate":"https:\/\/vsmc.lt\/?s={search_term_string}"},"query-input":{"@type":"PropertyValueSpecification","valueRequired":true,"valueName":"search_term_string"}}],"inLanguage":"lt-LT"},{"@type":"Organization","@id":"https:\/\/vsmc.lt\/#organization","name":"Vilniaus suaugusi\u0173j\u0173 mokymo centras","alternateName":"VSMC","url":"https:\/\/vsmc.lt\/","logo":{"@type":"ImageObject","inLanguage":"lt-LT","@id":"https:\/\/vsmc.lt\/#\/schema\/logo\/image\/","url":"https:\/\/vsmc.lt\/wp-content\/uploads\/2016\/11\/15\/logo.png","contentUrl":"https:\/\/vsmc.lt\/wp-content\/uploads\/2016\/11\/15\/logo.png","width":96,"height":121,"caption":"Vilniaus suaugusi\u0173j\u0173 mokymo centras"},"image":{"@id":"https:\/\/vsmc.lt\/#\/schema\/logo\/image\/"},"sameAs":["https:\/\/www.facebook.com\/p\/Vilniaus-suaugusij-mokymo-centras-VSMC-gimnazija-100034428106674\/"]}]}},"_links":{"self":[{"href":"https:\/\/vsmc.lt\/index.php?rest_route=\/wp\/v2\/pages\/6318","targetHints":{"allow":["GET"]}}],"collection":[{"href":"https:\/\/vsmc.lt\/index.php?rest_route=\/wp\/v2\/pages"}],"about":[{"href":"https:\/\/vsmc.lt\/index.php?rest_route=\/wp\/v2\/types\/page"}],"author":[{"embeddable":true,"href":"https:\/\/vsmc.lt\/index.php?rest_route=\/wp\/v2\/users\/1"}],"replies":[{"embeddable":true,"href":"https:\/\/vsmc.lt\/index.php?rest_route=%2Fwp%2Fv2%2Fcomments&post=6318"}],"version-history":[{"count":10,"href":"https:\/\/vsmc.lt\/index.php?rest_route=\/wp\/v2\/pages\/6318\/revisions"}],"predecessor-version":[{"id":11498,"href":"https:\/\/vsmc.lt\/index.php?rest_route=\/wp\/v2\/pages\/6318\/revisions\/11498"}],"up":[{"embeddable":true,"href":"https:\/\/vsmc.lt\/index.php?rest_route=\/wp\/v2\/pages\/765"}],"wp:attachment":[{"href":"https:\/\/vsmc.lt\/index.php?rest_route=%2Fwp%2Fv2%2Fmedia&parent=6318"}],"curies":[{"name":"wp","href":"https:\/\/api.w.org\/{rel}","templated":true}]}}