{"id":815,"date":"2015-03-12T15:44:29","date_gmt":"2015-03-12T15:44:29","guid":{"rendered":"http:\/\/vsmc.lt\/?page_id=815"},"modified":"2025-09-10T19:12:12","modified_gmt":"2025-09-10T16:12:12","slug":"projektai","status":"publish","type":"page","link":"https:\/\/vsmc.lt\/?page_id=815","title":{"rendered":"Projektai"},"content":{"rendered":"<p><strong>TARPTAUTINIAI:<\/strong><\/p>\n<ul>\n<li>2025-2026 m.\u00a0 ERASMUS +KA1 projektas &#8222;Dirbtinio intelekto panaudojimas ugdymo procese&#8221;.<\/li>\n<li>2019-2023 m. ERASMUS+KA2 projektas \u201eBendravimo \u012fg\u016bd\u017eiai suaugusi\u0173j\u0173 \u0161vietime\u201c.<\/li>\n<li>2019-2022 m. NORDPLUS projektas \u201eSkaitmeninis bendradarbiavimas suaugusi\u0173j\u0173 \u0161vietime&#8221;.<\/li>\n<li>2019-2020 m. ERASMUS+KA1 projektas \u201eEdukacini\u0173 aplink\u0173, skatinan\u010di\u0173 suaugusi\u0173j\u0173 mokym\u0105si ir ma\u017einan\u010di\u0173 atotr\u016bk\u012f, pl\u0117tojimas\u201c.<\/li>\n<li>2016-2018 m. ERASMUS+KA2 \u201eEdukacin\u0117s med\u017eiagos rengimas imigrantams ir pab\u0117g\u0117liams&#8221;.<\/li>\n<li>2014-2016 m. NORDPLUS projektas\u00a0 \u201eMotyvacija augti&#8221;.<\/li>\n<li>2013-2014 m. NORDPLUS projektas \u201eMotyvuotas, k\u016brybingas ir \u0161iuolaikinis mokytojas \u2013 suaugusi\u0173j\u0173 mokymo(si) proceso s\u0117km\u0117\u201c.<\/li>\n<li>2012-2014 m. Lyderi\u0173 laikas 2.<\/li>\n<li>2013 m. ES SF projektas \u201eSuaugusi\u0173j\u0173 \u0161vietimo sistemos pl\u0117tra suteikiant besimokantiems asmenims bendr\u0105sias kompetencijas&#8221; Tre\u010diojo am\u017eiaus asmen\u0173 mokymai.<\/li>\n<li>2011-2013 m. \u0160vietimo main\u0173 paramos fondo Grundtvig mokymosi partneryst\u0117s projektas \u201eMi\u0161kai visiems, visi mi\u0161kams&#8221;.<\/li>\n<li>2010-2011 m. ES Strukt\u016brini\u0173 fond\u0173 vykdomas\u00a0\u201eSuaugusi\u0173j\u0173 \u0161vietimo institucij\u0173 modernizavimo\u201c projektas, finansuojamas Europos regionin\u0117s pl\u0117tros fondo ir Lietuvos valstyb\u0117s biud\u017eeto l\u0117\u0161omis.<\/li>\n<li>2010-2011 m. NORDPLUS\u00a0 projektas \u201eSuaugusi\u0173j\u0173 mokymas naudojant socialin\u0119 \u017einiasklaid\u0105 &#8211; visiems ir kiekvienam&#8221;.<\/li>\n<li>2010-2011 m. m. Europos socialinio fondo l\u0117\u0161omis finansuojamas projektas\u00a0\u201eSocialin\u0117s integracijos gerinimas per kompiuterin\u012f ra\u0161tingum\u0105\u201c.<\/li>\n<li>2008-2010 m. Grundtvig mokymosi partneryst\u0117s projektas &#8222;Atrasti Europ\u0105 per kalb\u0105 ir kult\u016br\u0105 naudojant ITK&#8221;.<\/li>\n<li>2008-2010 m. Grundtvig mokymosi partneryst\u0117s projektas <strong>\u201e<\/strong>Gyvenimo d\u017eiaugsmo pamokos<strong>\u201c<\/strong> .<\/li>\n<li>2007 m. Lietuvos suaugusi\u0173j\u0173 \u0161vietimo ir informavimo centro projektas\u00a0<strong>\u201e<\/strong>Suaugusi\u0173j\u0173 \u0161vietimo pl\u0117tra savivaldyb\u0117se ma\u017einant socialin\u0119 atskirt\u012f ir regioninius skirtumus Lietuvoje\u201c\u00a0.<\/li>\n<li>2006-2008 m. SOCRATES-Grundtvig 2 \u201e\u017diniasklaidos \u012ftaka suaugusi\u0173j\u0173 \u0161vietimo vystymui&#8221;<strong>.<\/strong><\/li>\n<li>2004-2007 m. SOCRATES-Grundtvig 1 \u201eMatematikos taikymai realiose gyvenimo situacijose\u201c .<\/li>\n<li>2004-2006 m. SOCRATES-Grundtvig 2 \u201ePa\u017eink mano kra\u0161t\u0105: pana\u0161umai ir skirtumai Europoje&#8221;<strong>.<\/strong><\/li>\n<li>2003-2006 m. SOCRATES-Grundtvig 2 \u201eBaltijos mokymosi lyga\u201c.<\/li>\n<li>2003 m. Vokietijos suaugusi\u0173j\u0173 \u0161vietimo asociacijos projektas\u00a0\u00a0\u201e\u0160ali\u0173 kandida\u010di\u0173 \u012f ES pristatymas&#8221;.<\/li>\n<li>2002-2004 m. SOCRATES-Grundtvig 2 <strong>\u201e<\/strong>Mokymosi trikampiai\u201c.<\/li>\n<li>2002-2004m. SOCRATES-Grundtvig 2 \u201eVadovavimas ir konsultavimas\u201c.<\/li>\n<li>2001-2002 m. Skandinavijos \u0161ali\u0173 ir Lietuvos projektas \u201eSuaugusi\u0173j\u0173 \u0161vietimas naujame t\u016bkstantmetyje\u201c.<\/li>\n<li>1999-2000 m. PHARE\/Tacis \u201eAndragogikos pagrindai ir suaugusi\u0173j\u0173 mokymo centr\u0173 veiklos pl\u0117tot\u0117 de\u0161imtyje Lietuvos apskri\u010di\u0173\u201c.<\/li>\n<li>1998 m. Lietuvos ir Norvegijos projektai \u201eSIMULAB\u201c, \u201eHABITAT\u201c, \u201eDEMOTEACH\u201c, skirti suaugusi\u0173j\u0173 \u0161vietimui pl\u0117toti.<\/li>\n<\/ul>\n<p><strong>\u0160ALIES:<\/strong><\/p>\n<ul>\n<li>\u0160alies besimokan\u010di\u0173 suaugusi\u0173j\u0173\u00a0 k\u016brybini\u0173 darb\u0173 konkursas \u201eKuriu, vadinasi esu\u201c 2013 &#8211; 2014 m. m.<\/li>\n<li>Seimo nar\u0117s D. Tei\u0161erskyt\u0117s konkursas \u201eK\u0105 mums rei\u0161kia teatras\u201c 2013-2014 m. m.<\/li>\n<li>Respublikinis Haiku konkursas \u201eValtis kopose\u201c 2013-2014 m. m.<\/li>\n<li>Suaugusi\u0173j\u0173 mokymo centr\u0173 bei suaugusi\u0173j\u0173 gimnazij\u0173 fotografijos konkursas \u201ePa\u017einimo keliu einant\u201c 2013-2014 m. m.<\/li>\n<li>MTC konkursas \u201eBendruomeni\u0161kiausias m\u016bs\u0173 mokyklos renginys\u201c 2013-2014 m. m.<\/li>\n<li>Geopolitini\u0173 studij\u0173 centro ir\u00a0 LR U\u017esienio reikal\u0173 ministerijos, LR \u0160vietimo ir mokslo ministerijos projektas ,,Lietuva- NATO nar\u0117 2004-2014\u201c 2013-2014 m. m.<\/li>\n<li>Pedagog\u0173 kvalifikacijos tobulinimo ir perkvalifikavimo sistemos pl\u0117tra (II etapas)\u201c NR. VP1-2.2.-\u0160MM-02-V-01-009\u00a0\u201eMini mokymai mokykl\u0173 komandoms\u201c 2013-2014 m. m.<\/li>\n<li>Lietuvos mokini\u0173 neformaliojo \u0161vietimo centro \u00a0projektas\u00a0\u201eUgdymo karjerai ir steb\u0117senos modeli\u0173 suk\u016brimas ir pl\u0117tra bendrajame lavinime ir profesiniame mokyme\u201c 2012-2014 m. m.<\/li>\n<li>LR Finans\u0173 ministerijos konkursas \u201eKaip ES parama prisid\u0117jo prie Lietuvos mokykl\u0173 atnaujinimo\u201c 2012-2013 m. m.<\/li>\n<li>Suaugusi\u0173j\u0173 mokymo centr\u0173 bei suaugusi\u0173j\u0173 gimnazij\u0173 mokini\u0173 k\u016brybini\u0173 darb\u0173 konkursas\u00a0\u201eMokytis niekada nev\u0117lu\u201c 2011-2012 m. m.; 2012-2013 m. m.; 2013-2014 m. m.<\/li>\n<li>Mokyklos strukt\u016bros tobulinimo programa 2011-2013 m. m..<\/li>\n<li>LS\u0160IC suaugusi\u0173j\u0173 \u0161vietimo projektas\u00a0\u201eLietuvos ateitis &#8211; sav\u0173j\u0173 \u0161akn\u0173 puosel\u0117jimas\u201c 2008-2009 m. m.<\/li>\n<li>Litvak\u0173 fondo edukacinis projektas\u00a0\u201eNeleistina pasikartoti\u201c 2007-2008 m. m.<\/li>\n<li>LS\u0160IC neformaliojo \u0161vietimo projektas ly\u010di\u0173 lygyb\u0117s klausimais\u00a0\u201eB\u016bdami skitingi, b\u016bkime lyg\u016bs\u201c2007-2008 m. m.<\/li>\n<li>LR \u0160vietimo ir mokslo ministerijos ir asociacijos \u201eEuropos jud\u0117jimas Lietuvoje\u201c socialinis projektas \u201eDr\u0105sinkime ateit\u012f&#8221; 2006 &#8211; 2011 m. m.<\/li>\n<li>Lietuvos suaugusi\u0173j\u0173 \u0161vietimo ir informavimo centro projektas\u00a0\u201eK\u016bryba &#8211; gyvenimo atgaiva\u201c 2006 &#8211; 2007 m. m.<\/li>\n<li>SMC ir SVM dail\u0117s konkursas\u00a0\u201eNoriu kuriu\u201c 2005 &#8211; 2006 m. m., 2006 &#8211; 2007 m. m., 2007 &#8211; 2008 m. m.<\/li>\n<li>LS\u0160IC\u00a0\u201ePilieti\u0161kumas prakti\u0161kai\u201c 2005 &#8211; 2006 m. m.<\/li>\n<li>\u0160vietimo kaitos fondo projektas\u00a0\u201eM\u016bs\u0173 s\u0117km\u0117s istorija\u201c 2002 &#8211; 2003 m. m.<\/li>\n<li>UAB \u201eOmnitel\u201c, Dr. J. Kazicko, p. V.G. Gruod\u017eio \u0161vietimo paramos programa 2001 &#8211; 2002 m. m.<\/li>\n<\/ul>\n","protected":false},"excerpt":{"rendered":"<p>TARPTAUTINIAI: 2025-2026 m.\u00a0 ERASMUS +KA1 projektas &#8222;Dirbtinio intelekto panaudojimas ugdymo procese&#8221;. 2019-2023 m. ERASMUS+KA2 projektas \u201eBendravimo \u012fg\u016bd\u017eiai suaugusi\u0173j\u0173 \u0161vietime\u201c. 2019-2022 m. NORDPLUS projektas \u201eSkaitmeninis bendradarbiavimas suaugusi\u0173j\u0173 \u0161vietime&#8221;. 2019-2020 m. ERASMUS+KA1 projektas \u201eEdukacini\u0173 aplink\u0173, skatinan\u010di\u0173 suaugusi\u0173j\u0173 mokym\u0105si ir ma\u017einan\u010di\u0173 atotr\u016bk\u012f, pl\u0117tojimas\u201c. 2016-2018 m. ERASMUS+KA2 \u201eEdukacin\u0117s med\u017eiagos rengimas imigrantams ir pab\u0117g\u0117liams&#8221;. 2014-2016 m. NORDPLUS projektas\u00a0 \u201eMotyvacija augti&#8221;. [&hellip;]<\/p>\n","protected":false},"author":1,"featured_media":0,"parent":846,"menu_order":0,"comment_status":"closed","ping_status":"closed","template":"","meta":{"footnotes":""},"class_list":["post-815","page","type-page","status-publish","hentry"],"yoast_head":"<!-- This site is optimized with the Yoast SEO plugin v27.3 - https:\/\/yoast.com\/product\/yoast-seo-wordpress\/ -->\n<title>Projektai - Vilniaus suaugusi\u0173j\u0173 mokymo centras<\/title>\n<meta name=\"robots\" content=\"index, follow, max-snippet:-1, max-image-preview:large, max-video-preview:-1\" \/>\n<link rel=\"canonical\" href=\"https:\/\/vsmc.lt\/?page_id=815\" \/>\n<meta property=\"og:locale\" content=\"lt_LT\" \/>\n<meta property=\"og:type\" content=\"article\" \/>\n<meta property=\"og:title\" content=\"Projektai - Vilniaus suaugusi\u0173j\u0173 mokymo centras\" \/>\n<meta property=\"og:description\" content=\"TARPTAUTINIAI: 2025-2026 m.\u00a0 ERASMUS +KA1 projektas &#8222;Dirbtinio intelekto panaudojimas ugdymo procese&#8221;. 2019-2023 m. ERASMUS+KA2 projektas \u201eBendravimo \u012fg\u016bd\u017eiai suaugusi\u0173j\u0173 \u0161vietime\u201c. 2019-2022 m. NORDPLUS projektas \u201eSkaitmeninis bendradarbiavimas suaugusi\u0173j\u0173 \u0161vietime&#8221;. 2019-2020 m. ERASMUS+KA1 projektas \u201eEdukacini\u0173 aplink\u0173, skatinan\u010di\u0173 suaugusi\u0173j\u0173 mokym\u0105si ir ma\u017einan\u010di\u0173 atotr\u016bk\u012f, pl\u0117tojimas\u201c. 2016-2018 m. ERASMUS+KA2 \u201eEdukacin\u0117s med\u017eiagos rengimas imigrantams ir pab\u0117g\u0117liams&#8221;. 2014-2016 m. NORDPLUS projektas\u00a0 \u201eMotyvacija augti&#8221;. [&hellip;]\" \/>\n<meta property=\"og:url\" content=\"https:\/\/vsmc.lt\/?page_id=815\" \/>\n<meta property=\"og:site_name\" content=\"Vilniaus suaugusi\u0173j\u0173 mokymo centras\" \/>\n<meta property=\"article:publisher\" content=\"https:\/\/www.facebook.com\/p\/Vilniaus-suaugusij-mokymo-centras-VSMC-gimnazija-100034428106674\/\" \/>\n<meta property=\"article:modified_time\" content=\"2025-09-10T16:12:12+00:00\" \/>\n<meta property=\"og:image\" content=\"https:\/\/vsmc.lt\/wp-content\/uploads\/2018\/05\/03\/VSMC_PASTATAS_1-1.jpg\" \/>\n\t<meta property=\"og:image:width\" content=\"1500\" \/>\n\t<meta property=\"og:image:height\" content=\"925\" \/>\n\t<meta property=\"og:image:type\" content=\"image\/jpeg\" \/>\n<meta name=\"twitter:card\" content=\"summary_large_image\" \/>\n<meta name=\"twitter:label1\" content=\"Est. reading time\" \/>\n\t<meta name=\"twitter:data1\" content=\"4 minut\u0117s\" \/>\n<script type=\"application\/ld+json\" class=\"yoast-schema-graph\">{\"@context\":\"https:\\\/\\\/schema.org\",\"@graph\":[{\"@type\":\"WebPage\",\"@id\":\"https:\\\/\\\/vsmc.lt\\\/?page_id=815\",\"url\":\"https:\\\/\\\/vsmc.lt\\\/?page_id=815\",\"name\":\"Projektai - Vilniaus suaugusi\u0173j\u0173 mokymo centras\",\"isPartOf\":{\"@id\":\"https:\\\/\\\/vsmc.lt\\\/#website\"},\"datePublished\":\"2015-03-12T15:44:29+00:00\",\"dateModified\":\"2025-09-10T16:12:12+00:00\",\"breadcrumb\":{\"@id\":\"https:\\\/\\\/vsmc.lt\\\/?page_id=815#breadcrumb\"},\"inLanguage\":\"lt-LT\",\"potentialAction\":[{\"@type\":\"ReadAction\",\"target\":[\"https:\\\/\\\/vsmc.lt\\\/?page_id=815\"]}]},{\"@type\":\"BreadcrumbList\",\"@id\":\"https:\\\/\\\/vsmc.lt\\\/?page_id=815#breadcrumb\",\"itemListElement\":[{\"@type\":\"ListItem\",\"position\":1,\"name\":\"Home\",\"item\":\"https:\\\/\\\/vsmc.lt\\\/\"},{\"@type\":\"ListItem\",\"position\":2,\"name\":\"Veiklos sritys\",\"item\":\"https:\\\/\\\/vsmc.lt\\\/?page_id=846\"},{\"@type\":\"ListItem\",\"position\":3,\"name\":\"Projektai\"}]},{\"@type\":\"WebSite\",\"@id\":\"https:\\\/\\\/vsmc.lt\\\/#website\",\"url\":\"https:\\\/\\\/vsmc.lt\\\/\",\"name\":\"Vilniaus suaugusi\u0173j\u0173 mokymo centras\",\"description\":\"VSMC\",\"publisher\":{\"@id\":\"https:\\\/\\\/vsmc.lt\\\/#organization\"},\"alternateName\":\"VSMC\",\"potentialAction\":[{\"@type\":\"SearchAction\",\"target\":{\"@type\":\"EntryPoint\",\"urlTemplate\":\"https:\\\/\\\/vsmc.lt\\\/?s={search_term_string}\"},\"query-input\":{\"@type\":\"PropertyValueSpecification\",\"valueRequired\":true,\"valueName\":\"search_term_string\"}}],\"inLanguage\":\"lt-LT\"},{\"@type\":\"Organization\",\"@id\":\"https:\\\/\\\/vsmc.lt\\\/#organization\",\"name\":\"Vilniaus suaugusi\u0173j\u0173 mokymo centras\",\"alternateName\":\"VSMC\",\"url\":\"https:\\\/\\\/vsmc.lt\\\/\",\"logo\":{\"@type\":\"ImageObject\",\"inLanguage\":\"lt-LT\",\"@id\":\"https:\\\/\\\/vsmc.lt\\\/#\\\/schema\\\/logo\\\/image\\\/\",\"url\":\"https:\\\/\\\/vsmc.lt\\\/wp-content\\\/uploads\\\/2016\\\/11\\\/15\\\/logo.png\",\"contentUrl\":\"https:\\\/\\\/vsmc.lt\\\/wp-content\\\/uploads\\\/2016\\\/11\\\/15\\\/logo.png\",\"width\":96,\"height\":121,\"caption\":\"Vilniaus suaugusi\u0173j\u0173 mokymo centras\"},\"image\":{\"@id\":\"https:\\\/\\\/vsmc.lt\\\/#\\\/schema\\\/logo\\\/image\\\/\"},\"sameAs\":[\"https:\\\/\\\/www.facebook.com\\\/p\\\/Vilniaus-suaugusij-mokymo-centras-VSMC-gimnazija-100034428106674\\\/\"]}]}<\/script>\n<!-- \/ Yoast SEO plugin. -->","yoast_head_json":{"title":"Projektai - Vilniaus suaugusi\u0173j\u0173 mokymo centras","robots":{"index":"index","follow":"follow","max-snippet":"max-snippet:-1","max-image-preview":"max-image-preview:large","max-video-preview":"max-video-preview:-1"},"canonical":"https:\/\/vsmc.lt\/?page_id=815","og_locale":"lt_LT","og_type":"article","og_title":"Projektai - Vilniaus suaugusi\u0173j\u0173 mokymo centras","og_description":"TARPTAUTINIAI: 2025-2026 m.\u00a0 ERASMUS +KA1 projektas &#8222;Dirbtinio intelekto panaudojimas ugdymo procese&#8221;. 2019-2023 m. ERASMUS+KA2 projektas \u201eBendravimo \u012fg\u016bd\u017eiai suaugusi\u0173j\u0173 \u0161vietime\u201c. 2019-2022 m. NORDPLUS projektas \u201eSkaitmeninis bendradarbiavimas suaugusi\u0173j\u0173 \u0161vietime&#8221;. 2019-2020 m. ERASMUS+KA1 projektas \u201eEdukacini\u0173 aplink\u0173, skatinan\u010di\u0173 suaugusi\u0173j\u0173 mokym\u0105si ir ma\u017einan\u010di\u0173 atotr\u016bk\u012f, pl\u0117tojimas\u201c. 2016-2018 m. ERASMUS+KA2 \u201eEdukacin\u0117s med\u017eiagos rengimas imigrantams ir pab\u0117g\u0117liams&#8221;. 2014-2016 m. NORDPLUS projektas\u00a0 \u201eMotyvacija augti&#8221;. [&hellip;]","og_url":"https:\/\/vsmc.lt\/?page_id=815","og_site_name":"Vilniaus suaugusi\u0173j\u0173 mokymo centras","article_publisher":"https:\/\/www.facebook.com\/p\/Vilniaus-suaugusij-mokymo-centras-VSMC-gimnazija-100034428106674\/","article_modified_time":"2025-09-10T16:12:12+00:00","og_image":[{"width":1500,"height":925,"url":"https:\/\/vsmc.lt\/wp-content\/uploads\/2018\/05\/03\/VSMC_PASTATAS_1-1.jpg","type":"image\/jpeg"}],"twitter_card":"summary_large_image","twitter_misc":{"Est. reading time":"4 minut\u0117s"},"schema":{"@context":"https:\/\/schema.org","@graph":[{"@type":"WebPage","@id":"https:\/\/vsmc.lt\/?page_id=815","url":"https:\/\/vsmc.lt\/?page_id=815","name":"Projektai - Vilniaus suaugusi\u0173j\u0173 mokymo centras","isPartOf":{"@id":"https:\/\/vsmc.lt\/#website"},"datePublished":"2015-03-12T15:44:29+00:00","dateModified":"2025-09-10T16:12:12+00:00","breadcrumb":{"@id":"https:\/\/vsmc.lt\/?page_id=815#breadcrumb"},"inLanguage":"lt-LT","potentialAction":[{"@type":"ReadAction","target":["https:\/\/vsmc.lt\/?page_id=815"]}]},{"@type":"BreadcrumbList","@id":"https:\/\/vsmc.lt\/?page_id=815#breadcrumb","itemListElement":[{"@type":"ListItem","position":1,"name":"Home","item":"https:\/\/vsmc.lt\/"},{"@type":"ListItem","position":2,"name":"Veiklos sritys","item":"https:\/\/vsmc.lt\/?page_id=846"},{"@type":"ListItem","position":3,"name":"Projektai"}]},{"@type":"WebSite","@id":"https:\/\/vsmc.lt\/#website","url":"https:\/\/vsmc.lt\/","name":"Vilniaus suaugusi\u0173j\u0173 mokymo centras","description":"VSMC","publisher":{"@id":"https:\/\/vsmc.lt\/#organization"},"alternateName":"VSMC","potentialAction":[{"@type":"SearchAction","target":{"@type":"EntryPoint","urlTemplate":"https:\/\/vsmc.lt\/?s={search_term_string}"},"query-input":{"@type":"PropertyValueSpecification","valueRequired":true,"valueName":"search_term_string"}}],"inLanguage":"lt-LT"},{"@type":"Organization","@id":"https:\/\/vsmc.lt\/#organization","name":"Vilniaus suaugusi\u0173j\u0173 mokymo centras","alternateName":"VSMC","url":"https:\/\/vsmc.lt\/","logo":{"@type":"ImageObject","inLanguage":"lt-LT","@id":"https:\/\/vsmc.lt\/#\/schema\/logo\/image\/","url":"https:\/\/vsmc.lt\/wp-content\/uploads\/2016\/11\/15\/logo.png","contentUrl":"https:\/\/vsmc.lt\/wp-content\/uploads\/2016\/11\/15\/logo.png","width":96,"height":121,"caption":"Vilniaus suaugusi\u0173j\u0173 mokymo centras"},"image":{"@id":"https:\/\/vsmc.lt\/#\/schema\/logo\/image\/"},"sameAs":["https:\/\/www.facebook.com\/p\/Vilniaus-suaugusij-mokymo-centras-VSMC-gimnazija-100034428106674\/"]}]}},"_links":{"self":[{"href":"https:\/\/vsmc.lt\/index.php?rest_route=\/wp\/v2\/pages\/815","targetHints":{"allow":["GET"]}}],"collection":[{"href":"https:\/\/vsmc.lt\/index.php?rest_route=\/wp\/v2\/pages"}],"about":[{"href":"https:\/\/vsmc.lt\/index.php?rest_route=\/wp\/v2\/types\/page"}],"author":[{"embeddable":true,"href":"https:\/\/vsmc.lt\/index.php?rest_route=\/wp\/v2\/users\/1"}],"replies":[{"embeddable":true,"href":"https:\/\/vsmc.lt\/index.php?rest_route=%2Fwp%2Fv2%2Fcomments&post=815"}],"version-history":[{"count":11,"href":"https:\/\/vsmc.lt\/index.php?rest_route=\/wp\/v2\/pages\/815\/revisions"}],"predecessor-version":[{"id":11823,"href":"https:\/\/vsmc.lt\/index.php?rest_route=\/wp\/v2\/pages\/815\/revisions\/11823"}],"up":[{"embeddable":true,"href":"https:\/\/vsmc.lt\/index.php?rest_route=\/wp\/v2\/pages\/846"}],"wp:attachment":[{"href":"https:\/\/vsmc.lt\/index.php?rest_route=%2Fwp%2Fv2%2Fmedia&parent=815"}],"curies":[{"name":"wp","href":"https:\/\/api.w.org\/{rel}","templated":true}]}}