{"id":830,"date":"2015-03-12T15:52:35","date_gmt":"2015-03-12T12:52:35","guid":{"rendered":"http:\/\/vsmc.lt\/?page_id=830"},"modified":"2026-04-13T11:11:40","modified_gmt":"2026-04-13T08:11:40","slug":"karjeros-centras","status":"publish","type":"page","link":"https:\/\/vsmc.lt\/?page_id=830","title":{"rendered":"Karjeros konsultavimo informacija"},"content":{"rendered":"<p><span style=\"font-family: Times New Roman, serif;\"><span style=\"font-size: medium;\">Karjeros konsultavimo klausimais konsultuoja: Ilona Mikul\u0117nien\u0117<\/span><\/span><\/p>\n<p><span style=\"font-family: Times New Roman, serif;\"><span style=\"font-size: medium;\">Darbo vieta: 37 kabinetas<\/span><\/span><\/p>\n<p><span style=\"font-family: Times New Roman, serif;\"><span style=\"font-size: medium;\">Kontaktai: <\/span><\/span><a href=\"mailto:ilmikul0955@emokykla.lt\" target=\"_top\" rel=\"noopener\"><span style=\"color: #0563c1;\"><span style=\"font-family: Times New Roman, serif;\"><span style=\"font-size: medium;\"><u>ilmikul0955@emokykla.lt<\/u><\/span><\/span><\/span><\/a><span style=\"font-family: Times New Roman, serif;\"><span style=\"font-size: medium;\"> mob. +37068615464<\/span><\/span><b> <\/b><\/p>\n<p><span style=\"font-family: Times New Roman, serif;\"><span style=\"font-size: medium;\">Karjeros konsultavimo klausimais konsultavimas vyksta:<\/span><\/span><\/p>\n<p><span style=\"font-family: Times New Roman, serif;\"><span style=\"font-size: medium;\"> penktadieniais &#8211; 13.00-15.00 val.<\/span><\/span><\/p>\n<p><span style=\"font-family: Times New Roman, serif;\"><span style=\"font-size: medium;\"><b>Karjeros konsultavimo veikla:<\/b><\/span><\/span><\/p>\n<p><span style=\"font-family: Times New Roman, serif;\"><span style=\"font-size: medium;\">-teikia mokiniams asmenines ir grupines konsultacijas karjeros klausimais;<\/span><\/span><\/p>\n<p><span style=\"font-family: Times New Roman, serif;\"><span style=\"font-size: medium;\">-teikia karjeros planavimui bei vystymui reikaling\u0105 informacij\u0105 mokiniams ir mokyklos bendruomenei;<\/span><\/span><\/p>\n<p><span style=\"font-family: Times New Roman, serif;\"><span style=\"font-size: medium;\">-supa\u017eindina mokinius, mokytojus, nepilname\u010di\u0173 mokini\u0173 t\u0117vus su gimnazijoje teikiamomis karjeros paslaugomis, programomis, ugdomomis kompetencijomis;<\/span><\/span><\/p>\n<p><span style=\"font-family: Times New Roman, serif;\"><span style=\"font-size: medium;\">-supa\u017eindina mokinius su informacija apie studijas, \u0161vietimo teik\u0117jus ir j\u0173 vykdomas mokymo ir studij\u0173 programas, pri\u0117mimo taisykles;<\/span><\/span><\/p>\n<p><span style=\"font-family: Times New Roman, serif;\"><span style=\"font-size: medium;\">-supa\u017eindina su profesin\u0117s veiklos ir u\u017eimtumo sritimis, darbo rinka ir jos poky\u010di\u0173 prognoz\u0117mis (kvalifikacij\u0173 paklausa kt.); <\/span><\/span><\/p>\n<p><span style=\"font-family: Times New Roman, serif;\"><span style=\"font-size: medium;\">-organizuoja profesin\u012f veiklinim\u0105 (pasitelkiant informacines sistemas ir kitas priemones: pa\u017eintinius vizitus, renginius, ekskursijas, susitikimus su \u0161vietimo \u012fstaig\u0173 atstovais, darbdaviais ir kitais asmenimis).<\/span><\/span><\/p>\n<p>&nbsp;<\/p>\n<p><span style=\"font-family: Times New Roman, serif;\"><span style=\"font-size: medium;\"><b>Karjeros konsultavimas Jums pad\u0117s: <\/b><\/span><\/span><\/p>\n<p><span style=\"font-family: Times New Roman, serif;\"><span style=\"font-size: medium;\">-geriau pa\u017einti savo geb\u0117jimus, pom\u0117gius ir \u012fg\u016bd\u017eius;<\/span><\/span><\/p>\n<p><span style=\"font-family: Times New Roman, serif;\"><span style=\"font-size: medium;\">-rinkti informacij\u0105 apie auk\u0161t\u0105j\u012f moksl\u0105;<\/span><\/span><\/p>\n<p><span style=\"font-family: Times New Roman, serif;\"><span style=\"font-size: medium;\">-susipa\u017einti su \u012fvairiomis profesijomis;<\/span><\/span><\/p>\n<p><span style=\"font-family: Times New Roman, serif;\"><span style=\"font-size: medium;\">-susipa\u017einti su \u012fvairiomis internetin\u0117mis svetain\u0117mis ir atsirinkti darbo, praktikos ir savanoryst\u0117s pasi\u016blymus;<\/span><\/span><\/p>\n<p><span style=\"font-family: Times New Roman, serif;\"><span style=\"font-size: medium;\">-sukurti CV, motyvacin\u012f lai\u0161k\u0105, karjeros plan\u0105.<\/span><\/span><\/p>\n","protected":false},"excerpt":{"rendered":"<p>Karjeros konsultavimo klausimais konsultuoja: Ilona Mikul\u0117nien\u0117 Darbo vieta: 37 kabinetas Kontaktai: ilmikul0955@emokykla.lt mob. +37068615464 Karjeros konsultavimo klausimais konsultavimas vyksta: penktadieniais &#8211; 13.00-15.00 val. Karjeros konsultavimo veikla: -teikia mokiniams asmenines ir grupines konsultacijas karjeros klausimais; -teikia karjeros planavimui bei vystymui reikaling\u0105 informacij\u0105 mokiniams ir mokyklos bendruomenei; -supa\u017eindina mokinius, mokytojus, nepilname\u010di\u0173 mokini\u0173 t\u0117vus su gimnazijoje teikiamomis karjeros [&hellip;]<\/p>\n","protected":false},"author":1,"featured_media":0,"parent":10381,"menu_order":0,"comment_status":"closed","ping_status":"closed","template":"","meta":{"footnotes":""},"class_list":["post-830","page","type-page","status-publish","hentry"],"yoast_head":"<!-- This site is optimized with the Yoast SEO plugin v27.3 - https:\/\/yoast.com\/product\/yoast-seo-wordpress\/ -->\n<title>Karjeros konsultavimo informacija - Vilniaus suaugusi\u0173j\u0173 mokymo centras<\/title>\n<meta name=\"robots\" content=\"index, follow, max-snippet:-1, max-image-preview:large, max-video-preview:-1\" \/>\n<link rel=\"canonical\" href=\"https:\/\/vsmc.lt\/?page_id=830\" \/>\n<meta property=\"og:locale\" content=\"lt_LT\" \/>\n<meta property=\"og:type\" content=\"article\" \/>\n<meta property=\"og:title\" content=\"Karjeros konsultavimo informacija - Vilniaus suaugusi\u0173j\u0173 mokymo centras\" \/>\n<meta property=\"og:description\" content=\"Karjeros konsultavimo klausimais konsultuoja: Ilona Mikul\u0117nien\u0117 Darbo vieta: 37 kabinetas Kontaktai: ilmikul0955@emokykla.lt mob. +37068615464 Karjeros konsultavimo klausimais konsultavimas vyksta: penktadieniais &#8211; 13.00-15.00 val. Karjeros konsultavimo veikla: -teikia mokiniams asmenines ir grupines konsultacijas karjeros klausimais; -teikia karjeros planavimui bei vystymui reikaling\u0105 informacij\u0105 mokiniams ir mokyklos bendruomenei; -supa\u017eindina mokinius, mokytojus, nepilname\u010di\u0173 mokini\u0173 t\u0117vus su gimnazijoje teikiamomis karjeros [&hellip;]\" \/>\n<meta property=\"og:url\" content=\"https:\/\/vsmc.lt\/?page_id=830\" \/>\n<meta property=\"og:site_name\" content=\"Vilniaus suaugusi\u0173j\u0173 mokymo centras\" \/>\n<meta property=\"article:publisher\" content=\"https:\/\/www.facebook.com\/p\/Vilniaus-suaugusij-mokymo-centras-VSMC-gimnazija-100034428106674\/\" \/>\n<meta property=\"article:modified_time\" content=\"2026-04-13T08:11:40+00:00\" \/>\n<meta property=\"og:image\" content=\"https:\/\/vsmc.lt\/wp-content\/uploads\/2018\/05\/03\/VSMC_PASTATAS_1-1.jpg\" \/>\n\t<meta property=\"og:image:width\" content=\"1500\" \/>\n\t<meta property=\"og:image:height\" content=\"925\" \/>\n\t<meta property=\"og:image:type\" content=\"image\/jpeg\" \/>\n<meta name=\"twitter:card\" content=\"summary_large_image\" \/>\n<meta name=\"twitter:label1\" content=\"Est. reading time\" \/>\n\t<meta name=\"twitter:data1\" content=\"1 minut\u0117\" \/>\n<script type=\"application\/ld+json\" class=\"yoast-schema-graph\">{\"@context\":\"https:\\\/\\\/schema.org\",\"@graph\":[{\"@type\":\"WebPage\",\"@id\":\"https:\\\/\\\/vsmc.lt\\\/?page_id=830\",\"url\":\"https:\\\/\\\/vsmc.lt\\\/?page_id=830\",\"name\":\"Karjeros konsultavimo informacija - Vilniaus suaugusi\u0173j\u0173 mokymo centras\",\"isPartOf\":{\"@id\":\"https:\\\/\\\/vsmc.lt\\\/#website\"},\"datePublished\":\"2015-03-12T12:52:35+00:00\",\"dateModified\":\"2026-04-13T08:11:40+00:00\",\"breadcrumb\":{\"@id\":\"https:\\\/\\\/vsmc.lt\\\/?page_id=830#breadcrumb\"},\"inLanguage\":\"lt-LT\",\"potentialAction\":[{\"@type\":\"ReadAction\",\"target\":[\"https:\\\/\\\/vsmc.lt\\\/?page_id=830\"]}]},{\"@type\":\"BreadcrumbList\",\"@id\":\"https:\\\/\\\/vsmc.lt\\\/?page_id=830#breadcrumb\",\"itemListElement\":[{\"@type\":\"ListItem\",\"position\":1,\"name\":\"Home\",\"item\":\"https:\\\/\\\/vsmc.lt\\\/\"},{\"@type\":\"ListItem\",\"position\":2,\"name\":\"Paslaugos\",\"item\":\"https:\\\/\\\/vsmc.lt\\\/?page_id=822\"},{\"@type\":\"ListItem\",\"position\":3,\"name\":\"Karjeros specialistas\",\"item\":\"https:\\\/\\\/vsmc.lt\\\/?page_id=10381\"},{\"@type\":\"ListItem\",\"position\":4,\"name\":\"Karjeros konsultavimo informacija\"}]},{\"@type\":\"WebSite\",\"@id\":\"https:\\\/\\\/vsmc.lt\\\/#website\",\"url\":\"https:\\\/\\\/vsmc.lt\\\/\",\"name\":\"Vilniaus suaugusi\u0173j\u0173 mokymo centras\",\"description\":\"VSMC\",\"publisher\":{\"@id\":\"https:\\\/\\\/vsmc.lt\\\/#organization\"},\"alternateName\":\"VSMC\",\"potentialAction\":[{\"@type\":\"SearchAction\",\"target\":{\"@type\":\"EntryPoint\",\"urlTemplate\":\"https:\\\/\\\/vsmc.lt\\\/?s={search_term_string}\"},\"query-input\":{\"@type\":\"PropertyValueSpecification\",\"valueRequired\":true,\"valueName\":\"search_term_string\"}}],\"inLanguage\":\"lt-LT\"},{\"@type\":\"Organization\",\"@id\":\"https:\\\/\\\/vsmc.lt\\\/#organization\",\"name\":\"Vilniaus suaugusi\u0173j\u0173 mokymo centras\",\"alternateName\":\"VSMC\",\"url\":\"https:\\\/\\\/vsmc.lt\\\/\",\"logo\":{\"@type\":\"ImageObject\",\"inLanguage\":\"lt-LT\",\"@id\":\"https:\\\/\\\/vsmc.lt\\\/#\\\/schema\\\/logo\\\/image\\\/\",\"url\":\"https:\\\/\\\/vsmc.lt\\\/wp-content\\\/uploads\\\/2016\\\/11\\\/15\\\/logo.png\",\"contentUrl\":\"https:\\\/\\\/vsmc.lt\\\/wp-content\\\/uploads\\\/2016\\\/11\\\/15\\\/logo.png\",\"width\":96,\"height\":121,\"caption\":\"Vilniaus suaugusi\u0173j\u0173 mokymo centras\"},\"image\":{\"@id\":\"https:\\\/\\\/vsmc.lt\\\/#\\\/schema\\\/logo\\\/image\\\/\"},\"sameAs\":[\"https:\\\/\\\/www.facebook.com\\\/p\\\/Vilniaus-suaugusij-mokymo-centras-VSMC-gimnazija-100034428106674\\\/\"]}]}<\/script>\n<!-- \/ Yoast SEO plugin. -->","yoast_head_json":{"title":"Karjeros konsultavimo informacija - Vilniaus suaugusi\u0173j\u0173 mokymo centras","robots":{"index":"index","follow":"follow","max-snippet":"max-snippet:-1","max-image-preview":"max-image-preview:large","max-video-preview":"max-video-preview:-1"},"canonical":"https:\/\/vsmc.lt\/?page_id=830","og_locale":"lt_LT","og_type":"article","og_title":"Karjeros konsultavimo informacija - Vilniaus suaugusi\u0173j\u0173 mokymo centras","og_description":"Karjeros konsultavimo klausimais konsultuoja: Ilona Mikul\u0117nien\u0117 Darbo vieta: 37 kabinetas Kontaktai: ilmikul0955@emokykla.lt mob. +37068615464 Karjeros konsultavimo klausimais konsultavimas vyksta: penktadieniais &#8211; 13.00-15.00 val. Karjeros konsultavimo veikla: -teikia mokiniams asmenines ir grupines konsultacijas karjeros klausimais; -teikia karjeros planavimui bei vystymui reikaling\u0105 informacij\u0105 mokiniams ir mokyklos bendruomenei; -supa\u017eindina mokinius, mokytojus, nepilname\u010di\u0173 mokini\u0173 t\u0117vus su gimnazijoje teikiamomis karjeros [&hellip;]","og_url":"https:\/\/vsmc.lt\/?page_id=830","og_site_name":"Vilniaus suaugusi\u0173j\u0173 mokymo centras","article_publisher":"https:\/\/www.facebook.com\/p\/Vilniaus-suaugusij-mokymo-centras-VSMC-gimnazija-100034428106674\/","article_modified_time":"2026-04-13T08:11:40+00:00","og_image":[{"width":1500,"height":925,"url":"https:\/\/vsmc.lt\/wp-content\/uploads\/2018\/05\/03\/VSMC_PASTATAS_1-1.jpg","type":"image\/jpeg"}],"twitter_card":"summary_large_image","twitter_misc":{"Est. reading time":"1 minut\u0117"},"schema":{"@context":"https:\/\/schema.org","@graph":[{"@type":"WebPage","@id":"https:\/\/vsmc.lt\/?page_id=830","url":"https:\/\/vsmc.lt\/?page_id=830","name":"Karjeros konsultavimo informacija - Vilniaus suaugusi\u0173j\u0173 mokymo centras","isPartOf":{"@id":"https:\/\/vsmc.lt\/#website"},"datePublished":"2015-03-12T12:52:35+00:00","dateModified":"2026-04-13T08:11:40+00:00","breadcrumb":{"@id":"https:\/\/vsmc.lt\/?page_id=830#breadcrumb"},"inLanguage":"lt-LT","potentialAction":[{"@type":"ReadAction","target":["https:\/\/vsmc.lt\/?page_id=830"]}]},{"@type":"BreadcrumbList","@id":"https:\/\/vsmc.lt\/?page_id=830#breadcrumb","itemListElement":[{"@type":"ListItem","position":1,"name":"Home","item":"https:\/\/vsmc.lt\/"},{"@type":"ListItem","position":2,"name":"Paslaugos","item":"https:\/\/vsmc.lt\/?page_id=822"},{"@type":"ListItem","position":3,"name":"Karjeros specialistas","item":"https:\/\/vsmc.lt\/?page_id=10381"},{"@type":"ListItem","position":4,"name":"Karjeros konsultavimo informacija"}]},{"@type":"WebSite","@id":"https:\/\/vsmc.lt\/#website","url":"https:\/\/vsmc.lt\/","name":"Vilniaus suaugusi\u0173j\u0173 mokymo centras","description":"VSMC","publisher":{"@id":"https:\/\/vsmc.lt\/#organization"},"alternateName":"VSMC","potentialAction":[{"@type":"SearchAction","target":{"@type":"EntryPoint","urlTemplate":"https:\/\/vsmc.lt\/?s={search_term_string}"},"query-input":{"@type":"PropertyValueSpecification","valueRequired":true,"valueName":"search_term_string"}}],"inLanguage":"lt-LT"},{"@type":"Organization","@id":"https:\/\/vsmc.lt\/#organization","name":"Vilniaus suaugusi\u0173j\u0173 mokymo centras","alternateName":"VSMC","url":"https:\/\/vsmc.lt\/","logo":{"@type":"ImageObject","inLanguage":"lt-LT","@id":"https:\/\/vsmc.lt\/#\/schema\/logo\/image\/","url":"https:\/\/vsmc.lt\/wp-content\/uploads\/2016\/11\/15\/logo.png","contentUrl":"https:\/\/vsmc.lt\/wp-content\/uploads\/2016\/11\/15\/logo.png","width":96,"height":121,"caption":"Vilniaus suaugusi\u0173j\u0173 mokymo centras"},"image":{"@id":"https:\/\/vsmc.lt\/#\/schema\/logo\/image\/"},"sameAs":["https:\/\/www.facebook.com\/p\/Vilniaus-suaugusij-mokymo-centras-VSMC-gimnazija-100034428106674\/"]}]}},"_links":{"self":[{"href":"https:\/\/vsmc.lt\/index.php?rest_route=\/wp\/v2\/pages\/830","targetHints":{"allow":["GET"]}}],"collection":[{"href":"https:\/\/vsmc.lt\/index.php?rest_route=\/wp\/v2\/pages"}],"about":[{"href":"https:\/\/vsmc.lt\/index.php?rest_route=\/wp\/v2\/types\/page"}],"author":[{"embeddable":true,"href":"https:\/\/vsmc.lt\/index.php?rest_route=\/wp\/v2\/users\/1"}],"replies":[{"embeddable":true,"href":"https:\/\/vsmc.lt\/index.php?rest_route=%2Fwp%2Fv2%2Fcomments&post=830"}],"version-history":[{"count":17,"href":"https:\/\/vsmc.lt\/index.php?rest_route=\/wp\/v2\/pages\/830\/revisions"}],"predecessor-version":[{"id":12364,"href":"https:\/\/vsmc.lt\/index.php?rest_route=\/wp\/v2\/pages\/830\/revisions\/12364"}],"up":[{"embeddable":true,"href":"https:\/\/vsmc.lt\/index.php?rest_route=\/wp\/v2\/pages\/10381"}],"wp:attachment":[{"href":"https:\/\/vsmc.lt\/index.php?rest_route=%2Fwp%2Fv2%2Fmedia&parent=830"}],"curies":[{"name":"wp","href":"https:\/\/api.w.org\/{rel}","templated":true}]}}