{"id":836,"date":"2015-03-12T15:56:50","date_gmt":"2015-03-12T15:56:50","guid":{"rendered":"http:\/\/vsmc.lt\/?page_id=836"},"modified":"2026-04-13T11:17:16","modified_gmt":"2026-04-13T08:17:16","slug":"planavimo-dokumentai","status":"publish","type":"page","link":"https:\/\/vsmc.lt\/?page_id=836","title":{"rendered":"Planavimo dokumentai"},"content":{"rendered":"<p style=\"text-align: center;\"><a class=\"wp-block-navigation-item__content\" style=\"text-underline-offset: 0.25ch; text-decoration-style: dashed;\" href=\"https:\/\/vsmc.lt\/?page_id=6232\">VSMC 2023-2027 met\u0173 strateginis planas<\/a><\/p>\n<p style=\"text-align: center;\"><a href=\"https:\/\/vsmc.lt\/wp-content\/uploads\/2015\/03\/12\/VSMC-2025-2026-ir-2026-2027-m.-m.-pagrindinio-ir-vidurinio-ugdymo-planas.docx\">VSMC 2025-2026 ir 2026-2027 m. m. pagrindinio ir vidurinio ugdymo plana<\/a>s<\/p>\n<p style=\"text-align: center;\"><a style=\"text-underline-offset: 0.25ch; text-decoration-style: dashed;\" href=\"https:\/\/vsmc.lt\/wp-content\/uploads\/2015\/03\/12\/VSMC-2025-2026-ir-2026-2027-m.-m.-pagrindinio-ir-vidurinio-ugdymo-plano-pakeitimai.pdf\">VSMC 2025-2026 ir 2026-2027 m. m. pagrindinio ir vidurinio ugdymo plano pakeitimai<\/a><\/p>\n<p style=\"text-align: center;\"><a href=\"https:\/\/vsmc.lt\/wp-content\/uploads\/2015\/03\/12\/VSMC-2026-m.-veiklos-planas.pdf\">VSMC 2026 m. veiklos planas<\/a><\/p>\n<p style=\"text-align: center;\"><a href=\"https:\/\/vsmc.lt\/wp-content\/uploads\/2026\/01\/30\/VSMC-STRATEGINIU-TIKSLU-PASIEKIMO-IR-2025-METU-VEIKLOS-PLANO-ATASKAITA.xlsx\">VSMC 2023-2025 m. strategini\u0173 tiksl\u0173 pasiekimo ir 2025 met\u0173 veiklos plano ataskaita<\/a><\/p>\n<p>&nbsp;<\/p>\n<p style=\"text-align: center;\"><strong>Mokiniams:<\/strong><\/p>\n<p style=\"text-align: center;\"><a style=\"text-underline-offset: 0.25ch; text-decoration-style: dashed; text-align: center;\" href=\"https:\/\/vsmc.lt\/wp-content\/uploads\/2015\/03\/12\/VSMC-mokinio-elgesio-taisykles-.pdf\">VSMC mokinio elgesio taisykl\u0117s<\/a><\/p>\n<p style=\"text-align: center;\"><a style=\"text-underline-offset: 0.25ch; text-decoration-style: dashed; text-align: center;\" href=\"https:\/\/vsmc.lt\/wp-content\/uploads\/2015\/03\/12\/VSMC-mokiniu-pazangos-ir-pasiekimu-vertinimo-tvarkos-aprasas.pdf\">VSMC mokini\u0173 pa\u017eangos ir pasiekim\u0173 vertinimo tvarkos apra\u0161as<\/a><\/p>\n<p style=\"text-align: center;\"><a style=\"text-underline-offset: 0.25ch; text-decoration-style: dashed; text-align: center;\" href=\"https:\/\/vsmc.lt\/wp-content\/uploads\/2015\/03\/12\/VSMC-smurto-ir-patyciu-prevencijos-intervencijos-vykdymo-tv.-aprasas.pdf\">VSMC smurto ir paty\u010di\u0173 prevencijos ir intervencijos vykdymo tvarkos apra\u0161as<\/a><\/p>\n<p>&nbsp;<\/p>\n<p style=\"text-align: center;\"><strong>Darbuotojams:<\/strong><\/p>\n<p style=\"text-align: center;\"><a style=\"text-underline-offset: 0.25ch; text-decoration-style: dashed;\" href=\"https:\/\/vsmc.lt\/wp-content\/uploads\/2024\/04\/03\/Etikos-kodeksas-pedag.-darb.-2024-03-15.pdf\">VSMC pedagogini\u0173 darbuotoj\u0173 etikos kodeksas<\/a><\/p>\n<p style=\"text-align: center;\"><a style=\"text-underline-offset: 0.25ch;\" href=\"https:\/\/vsmc.lt\/wp-content\/uploads\/2024\/04\/03\/Etikos-kodeksas-techn.-darb.-2024-03-15.pdf\">VSMC techninio personalo etikos kodeksas<\/a><\/p>\n<p style=\"text-align: center;\"><a style=\"text-underline-offset: 0.25ch;\" href=\"https:\/\/vsmc.lt\/wp-content\/uploads\/2015\/03\/12\/VSMC-darbo-tvarkos-taisykles-2025.pdf\">VSMC darbo tvarkos taisykl\u0117s<\/a><\/p>\n<p style=\"text-align: center;\"><a style=\"text-underline-offset: 0.25ch; text-decoration-style: dashed; text-align: center;\" href=\"https:\/\/vsmc.lt\/wp-content\/uploads\/2025\/02\/24\/APSAUGOS-NUO-SMURTO-ARTIMOJE-APLINKOJE-IGYVENDINIMO-TVARKOS-APRASAS_1.pdf\">VSMC apsaugos nuo smurto artimoje aplinkoje \u012fgyvendinimo tvarkos apra\u0161as<\/a><\/p>\n<p style=\"text-align: center;\"><a style=\"text-underline-offset: 0.25ch; text-decoration-style: dashed; text-align: center;\" href=\"https:\/\/vsmc.lt\/wp-content\/uploads\/2015\/03\/12\/2024-m.08-30-Tamo-dienyno-tvarkymo-nuostatai.docx\">VSMC elektroninio dienyno tvarkymo nuostatai<\/a><\/p>\n<p style=\"text-align: center;\"><a class=\"wp-block-navigation-item__content\" style=\"text-underline-offset: 0.25ch; text-decoration-style: dashed; text-align: center;\" href=\"https:\/\/vsmc.lt\/?page_id=7743\"><span class=\"wp-block-navigation-item__label\">VSMC darbuotoj\u0173 darbo apmok\u0117jimo sistema<\/span><\/a><\/p>\n","protected":false},"excerpt":{"rendered":"<p>VSMC 2023-2027 met\u0173 strateginis planas VSMC 2025-2026 ir 2026-2027 m. m. pagrindinio ir vidurinio ugdymo planas VSMC 2025-2026 ir 2026-2027 m. m. pagrindinio ir vidurinio ugdymo plano pakeitimai VSMC 2026 m. veiklos planas VSMC 2023-2025 m. strategini\u0173 tiksl\u0173 pasiekimo ir 2025 met\u0173 veiklos plano ataskaita &nbsp; Mokiniams: VSMC mokinio elgesio taisykl\u0117s VSMC mokini\u0173 pa\u017eangos ir [&hellip;]<\/p>\n","protected":false},"author":1,"featured_media":0,"parent":3551,"menu_order":0,"comment_status":"closed","ping_status":"closed","template":"","meta":{"footnotes":""},"class_list":["post-836","page","type-page","status-publish","hentry"],"yoast_head":"<!-- This site is optimized with the Yoast SEO plugin v27.6 - https:\/\/yoast.com\/product\/yoast-seo-wordpress\/ -->\n<title>Planavimo dokumentai - Vilniaus suaugusi\u0173j\u0173 mokymo centras<\/title>\n<meta name=\"robots\" content=\"index, follow, max-snippet:-1, max-image-preview:large, max-video-preview:-1\" \/>\n<link rel=\"canonical\" href=\"https:\/\/vsmc.lt\/?page_id=836\" \/>\n<meta property=\"og:locale\" content=\"lt_LT\" \/>\n<meta property=\"og:type\" content=\"article\" \/>\n<meta property=\"og:title\" content=\"Planavimo dokumentai - Vilniaus suaugusi\u0173j\u0173 mokymo centras\" \/>\n<meta property=\"og:description\" content=\"VSMC 2023-2027 met\u0173 strateginis planas VSMC 2025-2026 ir 2026-2027 m. m. pagrindinio ir vidurinio ugdymo planas VSMC 2025-2026 ir 2026-2027 m. m. pagrindinio ir vidurinio ugdymo plano pakeitimai VSMC 2026 m. veiklos planas VSMC 2023-2025 m. strategini\u0173 tiksl\u0173 pasiekimo ir 2025 met\u0173 veiklos plano ataskaita &nbsp; Mokiniams: VSMC mokinio elgesio taisykl\u0117s VSMC mokini\u0173 pa\u017eangos ir [&hellip;]\" \/>\n<meta property=\"og:url\" content=\"https:\/\/vsmc.lt\/?page_id=836\" \/>\n<meta property=\"og:site_name\" content=\"Vilniaus suaugusi\u0173j\u0173 mokymo centras\" \/>\n<meta property=\"article:publisher\" content=\"https:\/\/www.facebook.com\/p\/Vilniaus-suaugusij-mokymo-centras-VSMC-gimnazija-100034428106674\/\" \/>\n<meta property=\"article:modified_time\" content=\"2026-04-13T08:17:16+00:00\" \/>\n<meta property=\"og:image\" content=\"https:\/\/vsmc.lt\/wp-content\/uploads\/2018\/05\/03\/VSMC_PASTATAS_1-1.jpg\" \/>\n\t<meta property=\"og:image:width\" content=\"1500\" \/>\n\t<meta property=\"og:image:height\" content=\"925\" \/>\n\t<meta property=\"og:image:type\" content=\"image\/jpeg\" \/>\n<meta name=\"twitter:card\" content=\"summary_large_image\" \/>\n<meta name=\"twitter:label1\" content=\"Est. reading time\" \/>\n\t<meta name=\"twitter:data1\" content=\"1 minut\u0117\" \/>\n<script type=\"application\/ld+json\" class=\"yoast-schema-graph\">{\"@context\":\"https:\\\/\\\/schema.org\",\"@graph\":[{\"@type\":\"WebPage\",\"@id\":\"https:\\\/\\\/vsmc.lt\\\/?page_id=836\",\"url\":\"https:\\\/\\\/vsmc.lt\\\/?page_id=836\",\"name\":\"Planavimo dokumentai - Vilniaus suaugusi\u0173j\u0173 mokymo centras\",\"isPartOf\":{\"@id\":\"https:\\\/\\\/vsmc.lt\\\/#website\"},\"datePublished\":\"2015-03-12T15:56:50+00:00\",\"dateModified\":\"2026-04-13T08:17:16+00:00\",\"breadcrumb\":{\"@id\":\"https:\\\/\\\/vsmc.lt\\\/?page_id=836#breadcrumb\"},\"inLanguage\":\"lt-LT\",\"potentialAction\":[{\"@type\":\"ReadAction\",\"target\":[\"https:\\\/\\\/vsmc.lt\\\/?page_id=836\"]}]},{\"@type\":\"BreadcrumbList\",\"@id\":\"https:\\\/\\\/vsmc.lt\\\/?page_id=836#breadcrumb\",\"itemListElement\":[{\"@type\":\"ListItem\",\"position\":1,\"name\":\"Home\",\"item\":\"https:\\\/\\\/vsmc.lt\\\/\"},{\"@type\":\"ListItem\",\"position\":2,\"name\":\"Administracin\u0117 informacija\",\"item\":\"https:\\\/\\\/vsmc.lt\\\/?page_id=3551\"},{\"@type\":\"ListItem\",\"position\":3,\"name\":\"Planavimo dokumentai\"}]},{\"@type\":\"WebSite\",\"@id\":\"https:\\\/\\\/vsmc.lt\\\/#website\",\"url\":\"https:\\\/\\\/vsmc.lt\\\/\",\"name\":\"Vilniaus suaugusi\u0173j\u0173 mokymo centras\",\"description\":\"VSMC\",\"publisher\":{\"@id\":\"https:\\\/\\\/vsmc.lt\\\/#organization\"},\"alternateName\":\"VSMC\",\"potentialAction\":[{\"@type\":\"SearchAction\",\"target\":{\"@type\":\"EntryPoint\",\"urlTemplate\":\"https:\\\/\\\/vsmc.lt\\\/?s={search_term_string}\"},\"query-input\":{\"@type\":\"PropertyValueSpecification\",\"valueRequired\":true,\"valueName\":\"search_term_string\"}}],\"inLanguage\":\"lt-LT\"},{\"@type\":\"Organization\",\"@id\":\"https:\\\/\\\/vsmc.lt\\\/#organization\",\"name\":\"Vilniaus suaugusi\u0173j\u0173 mokymo centras\",\"alternateName\":\"VSMC\",\"url\":\"https:\\\/\\\/vsmc.lt\\\/\",\"logo\":{\"@type\":\"ImageObject\",\"inLanguage\":\"lt-LT\",\"@id\":\"https:\\\/\\\/vsmc.lt\\\/#\\\/schema\\\/logo\\\/image\\\/\",\"url\":\"https:\\\/\\\/vsmc.lt\\\/wp-content\\\/uploads\\\/2016\\\/11\\\/15\\\/logo.png\",\"contentUrl\":\"https:\\\/\\\/vsmc.lt\\\/wp-content\\\/uploads\\\/2016\\\/11\\\/15\\\/logo.png\",\"width\":96,\"height\":121,\"caption\":\"Vilniaus suaugusi\u0173j\u0173 mokymo centras\"},\"image\":{\"@id\":\"https:\\\/\\\/vsmc.lt\\\/#\\\/schema\\\/logo\\\/image\\\/\"},\"sameAs\":[\"https:\\\/\\\/www.facebook.com\\\/p\\\/Vilniaus-suaugusij-mokymo-centras-VSMC-gimnazija-100034428106674\\\/\"]}]}<\/script>\n<!-- \/ Yoast SEO plugin. -->","yoast_head_json":{"title":"Planavimo dokumentai - Vilniaus suaugusi\u0173j\u0173 mokymo centras","robots":{"index":"index","follow":"follow","max-snippet":"max-snippet:-1","max-image-preview":"max-image-preview:large","max-video-preview":"max-video-preview:-1"},"canonical":"https:\/\/vsmc.lt\/?page_id=836","og_locale":"lt_LT","og_type":"article","og_title":"Planavimo dokumentai - Vilniaus suaugusi\u0173j\u0173 mokymo centras","og_description":"VSMC 2023-2027 met\u0173 strateginis planas VSMC 2025-2026 ir 2026-2027 m. m. pagrindinio ir vidurinio ugdymo planas VSMC 2025-2026 ir 2026-2027 m. m. pagrindinio ir vidurinio ugdymo plano pakeitimai VSMC 2026 m. veiklos planas VSMC 2023-2025 m. strategini\u0173 tiksl\u0173 pasiekimo ir 2025 met\u0173 veiklos plano ataskaita &nbsp; Mokiniams: VSMC mokinio elgesio taisykl\u0117s VSMC mokini\u0173 pa\u017eangos ir [&hellip;]","og_url":"https:\/\/vsmc.lt\/?page_id=836","og_site_name":"Vilniaus suaugusi\u0173j\u0173 mokymo centras","article_publisher":"https:\/\/www.facebook.com\/p\/Vilniaus-suaugusij-mokymo-centras-VSMC-gimnazija-100034428106674\/","article_modified_time":"2026-04-13T08:17:16+00:00","og_image":[{"width":1500,"height":925,"url":"https:\/\/vsmc.lt\/wp-content\/uploads\/2018\/05\/03\/VSMC_PASTATAS_1-1.jpg","type":"image\/jpeg"}],"twitter_card":"summary_large_image","twitter_misc":{"Est. reading time":"1 minut\u0117"},"schema":{"@context":"https:\/\/schema.org","@graph":[{"@type":"WebPage","@id":"https:\/\/vsmc.lt\/?page_id=836","url":"https:\/\/vsmc.lt\/?page_id=836","name":"Planavimo dokumentai - Vilniaus suaugusi\u0173j\u0173 mokymo centras","isPartOf":{"@id":"https:\/\/vsmc.lt\/#website"},"datePublished":"2015-03-12T15:56:50+00:00","dateModified":"2026-04-13T08:17:16+00:00","breadcrumb":{"@id":"https:\/\/vsmc.lt\/?page_id=836#breadcrumb"},"inLanguage":"lt-LT","potentialAction":[{"@type":"ReadAction","target":["https:\/\/vsmc.lt\/?page_id=836"]}]},{"@type":"BreadcrumbList","@id":"https:\/\/vsmc.lt\/?page_id=836#breadcrumb","itemListElement":[{"@type":"ListItem","position":1,"name":"Home","item":"https:\/\/vsmc.lt\/"},{"@type":"ListItem","position":2,"name":"Administracin\u0117 informacija","item":"https:\/\/vsmc.lt\/?page_id=3551"},{"@type":"ListItem","position":3,"name":"Planavimo dokumentai"}]},{"@type":"WebSite","@id":"https:\/\/vsmc.lt\/#website","url":"https:\/\/vsmc.lt\/","name":"Vilniaus suaugusi\u0173j\u0173 mokymo centras","description":"VSMC","publisher":{"@id":"https:\/\/vsmc.lt\/#organization"},"alternateName":"VSMC","potentialAction":[{"@type":"SearchAction","target":{"@type":"EntryPoint","urlTemplate":"https:\/\/vsmc.lt\/?s={search_term_string}"},"query-input":{"@type":"PropertyValueSpecification","valueRequired":true,"valueName":"search_term_string"}}],"inLanguage":"lt-LT"},{"@type":"Organization","@id":"https:\/\/vsmc.lt\/#organization","name":"Vilniaus suaugusi\u0173j\u0173 mokymo centras","alternateName":"VSMC","url":"https:\/\/vsmc.lt\/","logo":{"@type":"ImageObject","inLanguage":"lt-LT","@id":"https:\/\/vsmc.lt\/#\/schema\/logo\/image\/","url":"https:\/\/vsmc.lt\/wp-content\/uploads\/2016\/11\/15\/logo.png","contentUrl":"https:\/\/vsmc.lt\/wp-content\/uploads\/2016\/11\/15\/logo.png","width":96,"height":121,"caption":"Vilniaus suaugusi\u0173j\u0173 mokymo centras"},"image":{"@id":"https:\/\/vsmc.lt\/#\/schema\/logo\/image\/"},"sameAs":["https:\/\/www.facebook.com\/p\/Vilniaus-suaugusij-mokymo-centras-VSMC-gimnazija-100034428106674\/"]}]}},"_links":{"self":[{"href":"https:\/\/vsmc.lt\/index.php?rest_route=\/wp\/v2\/pages\/836","targetHints":{"allow":["GET"]}}],"collection":[{"href":"https:\/\/vsmc.lt\/index.php?rest_route=\/wp\/v2\/pages"}],"about":[{"href":"https:\/\/vsmc.lt\/index.php?rest_route=\/wp\/v2\/types\/page"}],"author":[{"embeddable":true,"href":"https:\/\/vsmc.lt\/index.php?rest_route=\/wp\/v2\/users\/1"}],"replies":[{"embeddable":true,"href":"https:\/\/vsmc.lt\/index.php?rest_route=%2Fwp%2Fv2%2Fcomments&post=836"}],"version-history":[{"count":175,"href":"https:\/\/vsmc.lt\/index.php?rest_route=\/wp\/v2\/pages\/836\/revisions"}],"predecessor-version":[{"id":12365,"href":"https:\/\/vsmc.lt\/index.php?rest_route=\/wp\/v2\/pages\/836\/revisions\/12365"}],"up":[{"embeddable":true,"href":"https:\/\/vsmc.lt\/index.php?rest_route=\/wp\/v2\/pages\/3551"}],"wp:attachment":[{"href":"https:\/\/vsmc.lt\/index.php?rest_route=%2Fwp%2Fv2%2Fmedia&parent=836"}],"curies":[{"name":"wp","href":"https:\/\/api.w.org\/{rel}","templated":true}]}}