{"id":848,"date":"2015-03-12T16:06:32","date_gmt":"2015-03-12T16:06:32","guid":{"rendered":"http:\/\/vsmc.lt\/?page_id=848"},"modified":"2026-04-09T20:02:51","modified_gmt":"2026-04-09T17:02:51","slug":"formalusis-svietimas","status":"publish","type":"page","link":"https:\/\/vsmc.lt\/?page_id=848","title":{"rendered":"Formalusis \u0161vietimas"},"content":{"rendered":"<p lang=\"lt-LT\"><strong>FORMALUSIS \u0160VIETIMAS<\/strong><\/p>\n<p lang=\"lt-LT\">Vilniaus suaugusi\u0173j\u0173 mokymo centre mokoma trimis kalbomis: lietuvi\u0173, rus\u0173, lenk\u0173.<\/p>\n<p lang=\"lt-LT\">Centre galima \u012fgyti pagrindin\u012f bei vidurin\u012f i\u0161silavinim\u0105 \u0161iomis mokymosi formomis:<\/p>\n<ul>\n<li>\n<p lang=\"lt-LT\"><strong>grupinio mokymosi<\/strong>, kai tam tikram laikotarpiui sudarytos mokini\u0173 grup\u0117s (klas\u0117, laikinoji grup\u0117)mokosi mokomos mokytoj\u0173<\/p>\n<\/li>\n<li>\n<p lang=\"lt-LT\"><strong>pavienio mokymosi<\/strong>, kai tam tikr\u0105 laikotarp\u012f mokinys mokosi individualiai mokomas mokytojo, ar individualiai, periodi\u0161kai dalyvaudamas grupin\u0117se ir (ar) individualiose mokytojo konsultacijose.<\/p>\n<\/li>\n<\/ul>\n<p lang=\"lt-LT\">Grupinio mokymosi forma \u012fgyvendinama \u0161iais ugdymo proceso organizavimo b\u016bdais:<\/p>\n<ul>\n<li>\n<p lang=\"lt-LT\"><strong>kasdieniu<\/strong> \u2013 mokiniai reguliariai lanko mokykl\u0105 ir nuosekliai mokosi mokomi mokytoj\u0173 pagal suaugusi\u0173j\u0173 pagrindinio, vidurinio ugdymo programas;<\/p>\n<\/li>\n<li>\n<p lang=\"lt-LT\"><strong>neakivaizdiniu<\/strong> \u2013 mokiniai reguliariai mokosi kart\u0105 per savait\u0119, nuosekliai mokosi konsultuojami mokytoj\u0173 pagal suaugusi\u0173j\u0173 pagrindinio, vidurinio ugdymo programas (vis\u0173 dalyk\u0173, atskir\u0173 dalyk\u0173 ar j\u0173 moduli\u0173) arba pagal individualius planus sudarytose klas\u0117se, grup\u0117se konsultuojami mokytoj\u0173 pakartotinai mokosi pageidaujam\u0173 vidurinio ugdymo programos dalyk\u0173.<\/p>\n<\/li>\n<\/ul>\n","protected":false},"excerpt":{"rendered":"<p>FORMALUSIS \u0160VIETIMAS Vilniaus suaugusi\u0173j\u0173 mokymo centre mokoma trimis kalbomis: lietuvi\u0173, rus\u0173, lenk\u0173. Centre galima \u012fgyti pagrindin\u012f bei vidurin\u012f i\u0161silavinim\u0105 \u0161iomis mokymosi formomis: grupinio mokymosi, kai tam tikram laikotarpiui sudarytos mokini\u0173 grup\u0117s (klas\u0117, laikinoji grup\u0117)mokosi mokomos mokytoj\u0173 pavienio mokymosi, kai tam tikr\u0105 laikotarp\u012f mokinys mokosi individualiai mokomas mokytojo, ar individualiai, periodi\u0161kai dalyvaudamas grupin\u0117se ir (ar) individualiose [&hellip;]<\/p>\n","protected":false},"author":1,"featured_media":0,"parent":846,"menu_order":0,"comment_status":"closed","ping_status":"closed","template":"","meta":{"footnotes":""},"class_list":["post-848","page","type-page","status-publish","hentry"],"yoast_head":"<!-- This site is optimized with the Yoast SEO plugin v27.3 - https:\/\/yoast.com\/product\/yoast-seo-wordpress\/ -->\n<title>Formalusis \u0161vietimas - Vilniaus suaugusi\u0173j\u0173 mokymo centras<\/title>\n<meta name=\"robots\" content=\"index, follow, max-snippet:-1, max-image-preview:large, max-video-preview:-1\" \/>\n<link rel=\"canonical\" href=\"https:\/\/vsmc.lt\/?page_id=848\" \/>\n<meta property=\"og:locale\" content=\"lt_LT\" \/>\n<meta property=\"og:type\" content=\"article\" \/>\n<meta property=\"og:title\" content=\"Formalusis \u0161vietimas - Vilniaus suaugusi\u0173j\u0173 mokymo centras\" \/>\n<meta property=\"og:description\" content=\"FORMALUSIS \u0160VIETIMAS Vilniaus suaugusi\u0173j\u0173 mokymo centre mokoma trimis kalbomis: lietuvi\u0173, rus\u0173, lenk\u0173. Centre galima \u012fgyti pagrindin\u012f bei vidurin\u012f i\u0161silavinim\u0105 \u0161iomis mokymosi formomis: grupinio mokymosi, kai tam tikram laikotarpiui sudarytos mokini\u0173 grup\u0117s (klas\u0117, laikinoji grup\u0117)mokosi mokomos mokytoj\u0173 pavienio mokymosi, kai tam tikr\u0105 laikotarp\u012f mokinys mokosi individualiai mokomas mokytojo, ar individualiai, periodi\u0161kai dalyvaudamas grupin\u0117se ir (ar) individualiose [&hellip;]\" \/>\n<meta property=\"og:url\" content=\"https:\/\/vsmc.lt\/?page_id=848\" \/>\n<meta property=\"og:site_name\" content=\"Vilniaus suaugusi\u0173j\u0173 mokymo centras\" \/>\n<meta property=\"article:publisher\" content=\"https:\/\/www.facebook.com\/p\/Vilniaus-suaugusij-mokymo-centras-VSMC-gimnazija-100034428106674\/\" \/>\n<meta property=\"article:modified_time\" content=\"2026-04-09T17:02:51+00:00\" \/>\n<meta property=\"og:image\" content=\"https:\/\/vsmc.lt\/wp-content\/uploads\/2018\/05\/03\/VSMC_PASTATAS_1-1.jpg\" \/>\n\t<meta property=\"og:image:width\" content=\"1500\" \/>\n\t<meta property=\"og:image:height\" content=\"925\" \/>\n\t<meta property=\"og:image:type\" content=\"image\/jpeg\" \/>\n<meta name=\"twitter:card\" content=\"summary_large_image\" \/>\n<meta name=\"twitter:label1\" content=\"Est. reading time\" \/>\n\t<meta name=\"twitter:data1\" content=\"1 minut\u0117\" \/>\n<script type=\"application\/ld+json\" class=\"yoast-schema-graph\">{\"@context\":\"https:\\\/\\\/schema.org\",\"@graph\":[{\"@type\":\"WebPage\",\"@id\":\"https:\\\/\\\/vsmc.lt\\\/?page_id=848\",\"url\":\"https:\\\/\\\/vsmc.lt\\\/?page_id=848\",\"name\":\"Formalusis \u0161vietimas - Vilniaus suaugusi\u0173j\u0173 mokymo centras\",\"isPartOf\":{\"@id\":\"https:\\\/\\\/vsmc.lt\\\/#website\"},\"datePublished\":\"2015-03-12T16:06:32+00:00\",\"dateModified\":\"2026-04-09T17:02:51+00:00\",\"breadcrumb\":{\"@id\":\"https:\\\/\\\/vsmc.lt\\\/?page_id=848#breadcrumb\"},\"inLanguage\":\"lt-LT\",\"potentialAction\":[{\"@type\":\"ReadAction\",\"target\":[\"https:\\\/\\\/vsmc.lt\\\/?page_id=848\"]}]},{\"@type\":\"BreadcrumbList\",\"@id\":\"https:\\\/\\\/vsmc.lt\\\/?page_id=848#breadcrumb\",\"itemListElement\":[{\"@type\":\"ListItem\",\"position\":1,\"name\":\"Home\",\"item\":\"https:\\\/\\\/vsmc.lt\\\/\"},{\"@type\":\"ListItem\",\"position\":2,\"name\":\"Veiklos sritys\",\"item\":\"https:\\\/\\\/vsmc.lt\\\/?page_id=846\"},{\"@type\":\"ListItem\",\"position\":3,\"name\":\"Formalusis \u0161vietimas\"}]},{\"@type\":\"WebSite\",\"@id\":\"https:\\\/\\\/vsmc.lt\\\/#website\",\"url\":\"https:\\\/\\\/vsmc.lt\\\/\",\"name\":\"Vilniaus suaugusi\u0173j\u0173 mokymo centras\",\"description\":\"VSMC\",\"publisher\":{\"@id\":\"https:\\\/\\\/vsmc.lt\\\/#organization\"},\"alternateName\":\"VSMC\",\"potentialAction\":[{\"@type\":\"SearchAction\",\"target\":{\"@type\":\"EntryPoint\",\"urlTemplate\":\"https:\\\/\\\/vsmc.lt\\\/?s={search_term_string}\"},\"query-input\":{\"@type\":\"PropertyValueSpecification\",\"valueRequired\":true,\"valueName\":\"search_term_string\"}}],\"inLanguage\":\"lt-LT\"},{\"@type\":\"Organization\",\"@id\":\"https:\\\/\\\/vsmc.lt\\\/#organization\",\"name\":\"Vilniaus suaugusi\u0173j\u0173 mokymo centras\",\"alternateName\":\"VSMC\",\"url\":\"https:\\\/\\\/vsmc.lt\\\/\",\"logo\":{\"@type\":\"ImageObject\",\"inLanguage\":\"lt-LT\",\"@id\":\"https:\\\/\\\/vsmc.lt\\\/#\\\/schema\\\/logo\\\/image\\\/\",\"url\":\"https:\\\/\\\/vsmc.lt\\\/wp-content\\\/uploads\\\/2016\\\/11\\\/15\\\/logo.png\",\"contentUrl\":\"https:\\\/\\\/vsmc.lt\\\/wp-content\\\/uploads\\\/2016\\\/11\\\/15\\\/logo.png\",\"width\":96,\"height\":121,\"caption\":\"Vilniaus suaugusi\u0173j\u0173 mokymo centras\"},\"image\":{\"@id\":\"https:\\\/\\\/vsmc.lt\\\/#\\\/schema\\\/logo\\\/image\\\/\"},\"sameAs\":[\"https:\\\/\\\/www.facebook.com\\\/p\\\/Vilniaus-suaugusij-mokymo-centras-VSMC-gimnazija-100034428106674\\\/\"]}]}<\/script>\n<!-- \/ Yoast SEO plugin. -->","yoast_head_json":{"title":"Formalusis \u0161vietimas - Vilniaus suaugusi\u0173j\u0173 mokymo centras","robots":{"index":"index","follow":"follow","max-snippet":"max-snippet:-1","max-image-preview":"max-image-preview:large","max-video-preview":"max-video-preview:-1"},"canonical":"https:\/\/vsmc.lt\/?page_id=848","og_locale":"lt_LT","og_type":"article","og_title":"Formalusis \u0161vietimas - Vilniaus suaugusi\u0173j\u0173 mokymo centras","og_description":"FORMALUSIS \u0160VIETIMAS Vilniaus suaugusi\u0173j\u0173 mokymo centre mokoma trimis kalbomis: lietuvi\u0173, rus\u0173, lenk\u0173. Centre galima \u012fgyti pagrindin\u012f bei vidurin\u012f i\u0161silavinim\u0105 \u0161iomis mokymosi formomis: grupinio mokymosi, kai tam tikram laikotarpiui sudarytos mokini\u0173 grup\u0117s (klas\u0117, laikinoji grup\u0117)mokosi mokomos mokytoj\u0173 pavienio mokymosi, kai tam tikr\u0105 laikotarp\u012f mokinys mokosi individualiai mokomas mokytojo, ar individualiai, periodi\u0161kai dalyvaudamas grupin\u0117se ir (ar) individualiose [&hellip;]","og_url":"https:\/\/vsmc.lt\/?page_id=848","og_site_name":"Vilniaus suaugusi\u0173j\u0173 mokymo centras","article_publisher":"https:\/\/www.facebook.com\/p\/Vilniaus-suaugusij-mokymo-centras-VSMC-gimnazija-100034428106674\/","article_modified_time":"2026-04-09T17:02:51+00:00","og_image":[{"width":1500,"height":925,"url":"https:\/\/vsmc.lt\/wp-content\/uploads\/2018\/05\/03\/VSMC_PASTATAS_1-1.jpg","type":"image\/jpeg"}],"twitter_card":"summary_large_image","twitter_misc":{"Est. reading time":"1 minut\u0117"},"schema":{"@context":"https:\/\/schema.org","@graph":[{"@type":"WebPage","@id":"https:\/\/vsmc.lt\/?page_id=848","url":"https:\/\/vsmc.lt\/?page_id=848","name":"Formalusis \u0161vietimas - Vilniaus suaugusi\u0173j\u0173 mokymo centras","isPartOf":{"@id":"https:\/\/vsmc.lt\/#website"},"datePublished":"2015-03-12T16:06:32+00:00","dateModified":"2026-04-09T17:02:51+00:00","breadcrumb":{"@id":"https:\/\/vsmc.lt\/?page_id=848#breadcrumb"},"inLanguage":"lt-LT","potentialAction":[{"@type":"ReadAction","target":["https:\/\/vsmc.lt\/?page_id=848"]}]},{"@type":"BreadcrumbList","@id":"https:\/\/vsmc.lt\/?page_id=848#breadcrumb","itemListElement":[{"@type":"ListItem","position":1,"name":"Home","item":"https:\/\/vsmc.lt\/"},{"@type":"ListItem","position":2,"name":"Veiklos sritys","item":"https:\/\/vsmc.lt\/?page_id=846"},{"@type":"ListItem","position":3,"name":"Formalusis \u0161vietimas"}]},{"@type":"WebSite","@id":"https:\/\/vsmc.lt\/#website","url":"https:\/\/vsmc.lt\/","name":"Vilniaus suaugusi\u0173j\u0173 mokymo centras","description":"VSMC","publisher":{"@id":"https:\/\/vsmc.lt\/#organization"},"alternateName":"VSMC","potentialAction":[{"@type":"SearchAction","target":{"@type":"EntryPoint","urlTemplate":"https:\/\/vsmc.lt\/?s={search_term_string}"},"query-input":{"@type":"PropertyValueSpecification","valueRequired":true,"valueName":"search_term_string"}}],"inLanguage":"lt-LT"},{"@type":"Organization","@id":"https:\/\/vsmc.lt\/#organization","name":"Vilniaus suaugusi\u0173j\u0173 mokymo centras","alternateName":"VSMC","url":"https:\/\/vsmc.lt\/","logo":{"@type":"ImageObject","inLanguage":"lt-LT","@id":"https:\/\/vsmc.lt\/#\/schema\/logo\/image\/","url":"https:\/\/vsmc.lt\/wp-content\/uploads\/2016\/11\/15\/logo.png","contentUrl":"https:\/\/vsmc.lt\/wp-content\/uploads\/2016\/11\/15\/logo.png","width":96,"height":121,"caption":"Vilniaus suaugusi\u0173j\u0173 mokymo centras"},"image":{"@id":"https:\/\/vsmc.lt\/#\/schema\/logo\/image\/"},"sameAs":["https:\/\/www.facebook.com\/p\/Vilniaus-suaugusij-mokymo-centras-VSMC-gimnazija-100034428106674\/"]}]}},"_links":{"self":[{"href":"https:\/\/vsmc.lt\/index.php?rest_route=\/wp\/v2\/pages\/848","targetHints":{"allow":["GET"]}}],"collection":[{"href":"https:\/\/vsmc.lt\/index.php?rest_route=\/wp\/v2\/pages"}],"about":[{"href":"https:\/\/vsmc.lt\/index.php?rest_route=\/wp\/v2\/types\/page"}],"author":[{"embeddable":true,"href":"https:\/\/vsmc.lt\/index.php?rest_route=\/wp\/v2\/users\/1"}],"replies":[{"embeddable":true,"href":"https:\/\/vsmc.lt\/index.php?rest_route=%2Fwp%2Fv2%2Fcomments&post=848"}],"version-history":[{"count":3,"href":"https:\/\/vsmc.lt\/index.php?rest_route=\/wp\/v2\/pages\/848\/revisions"}],"predecessor-version":[{"id":12356,"href":"https:\/\/vsmc.lt\/index.php?rest_route=\/wp\/v2\/pages\/848\/revisions\/12356"}],"up":[{"embeddable":true,"href":"https:\/\/vsmc.lt\/index.php?rest_route=\/wp\/v2\/pages\/846"}],"wp:attachment":[{"href":"https:\/\/vsmc.lt\/index.php?rest_route=%2Fwp%2Fv2%2Fmedia&parent=848"}],"curies":[{"name":"wp","href":"https:\/\/api.w.org\/{rel}","templated":true}]}}